{"id":56,"date":"2020-04-02T19:26:54","date_gmt":"2020-04-02T22:26:54","guid":{"rendered":"https:\/\/www.tcees.tc.br\/coronavirus\/?page_id=56"},"modified":"2021-04-07T18:52:55","modified_gmt":"2021-04-07T21:52:55","slug":"links-externos","status":"publish","type":"page","link":"https:\/\/www.tcees.tc.br\/coronavirus\/links-externos\/","title":{"rendered":"LINKS EXTERNOS"},"content":{"rendered":"<div class=\"wpb-content-wrapper\"><p>[vc_row css=&#8221;.vc_custom_1585848798430{margin-bottom: 35px !important;}&#8221;][vc_column width=&#8221;1\/6&#8243;][\/vc_column][vc_column width=&#8221;2\/3&#8243;][vc_column_text]<\/p>\n<h4 style=\"text-align: center\"><span style=\"color: #1b5f9d\">Aqui voc\u00ea encontra orienta\u00e7\u00f5es disponibilizadas por outros \u00f3rg\u00e3os relacionadas a medidas administrativas de combate \u00e0 pandemia do novo coronav\u00edrus (Covid-19).<\/span><\/h4>\n<p>[\/vc_column_text][\/vc_column][vc_column width=&#8221;1\/6&#8243;][\/vc_column][\/vc_row][vc_row][vc_column width=&#8221;1\/2&#8243;][vc_row_inner][vc_column_inner width=&#8221;1\/4&#8243;][vc_single_image image=&#8221;79&#8243; img_size=&#8221;full&#8221;][\/vc_column_inner][vc_column_inner width=&#8221;3\/4&#8243;][vc_column_text]<span style=\"font-size: 12pt\"><strong>1 &#8211; Boletim Informativo Covid-19:<\/strong> <\/span>Elabora\u00e7\u00e3o: Federa\u00e7\u00e3o das Associa\u00e7\u00f5es de Munic\u00edpios do Rio Grande do Sul &#8211; Famurs e o Tribunal de Contas do Estado do Rio Grande do Sul &#8211; TCE-RS.[\/vc_column_text][vc_btn title=&#8221;LEIA MAIS AQUI&#8221; color=&#8221;primary&#8221; i_align=&#8221;right&#8221; i_icon_fontawesome=&#8221;fas fa-chevron-right&#8221; add_icon=&#8221;true&#8221; link=&#8221;url:http%3A%2F%2Fportal.tce.rs.gov.br%2Fportal%2Fpage%2Fportal%2Fnoticias_internet%2Ftextos_diversos_pente_fino%2Fcartilha-famurstce-coronavirus.pdf||target:%20_blank|&#8221;][\/vc_column_inner][\/vc_row_inner][\/vc_column][vc_column width=&#8221;1\/2&#8243;][vc_row_inner][vc_column_inner width=&#8221;1\/4&#8243;][vc_single_image image=&#8221;79&#8243; img_size=&#8221;full&#8221;][\/vc_column_inner][vc_column_inner width=&#8221;3\/4&#8243;][vc_column_text]<span style=\"font-size: 12pt\"><strong>2 &#8211; Nota T\u00e9cnica:<\/strong> <\/span>Orienta\u00e7\u00f5es visando facilitar as a\u00e7\u00f5es por parte dos Governos Estadual e Municipal diante da crise da Covid -19, e como forma de possibilitar maior agilidade e seguran\u00e7a jur\u00eddica.[\/vc_column_text][vc_btn title=&#8221;LEIA MAIS AQUI&#8221; color=&#8221;primary&#8221; i_align=&#8221;right&#8221; i_icon_fontawesome=&#8221;fas fa-chevron-right&#8221; add_icon=&#8221;true&#8221; link=&#8221;url:https%3A%2F%2Ftcero.tc.br%2Fwp-content%2Fuploads%2F2020%2F03%2FNOTA_TECNICA_23.03.2020__9h37min.pdf||target:%20_blank|&#8221;][\/vc_column_inner][\/vc_row_inner][\/vc_column][\/vc_row][vc_row][vc_column][vc_separator color=&#8221;custom&#8221; accent_color=&#8221;#1b5f9d&#8221;][\/vc_column][\/vc_row][vc_row][vc_column width=&#8221;1\/2&#8243;][vc_row_inner][vc_column_inner width=&#8221;1\/4&#8243;][vc_single_image image=&#8221;79&#8243; img_size=&#8221;full&#8221;][\/vc_column_inner][vc_column_inner width=&#8221;3\/4&#8243;][vc_column_text]<strong><span style=\"font-size: 12pt\">3 &#8211; INSTRU\u00c7\u00c3O NORMATIVA N.\u00ba 002\/2020\/TCM-PA, de 27 de mar\u00e7o de 2020.<\/span><\/strong> Disp\u00f5e sobre a aprova\u00e7\u00e3o da Nota T\u00e9cnica n\u00ba 02\/2020\/TCM-PA, que estabelece Orienta\u00e7\u00f5es Gerais aos Munic\u00edpios do Estado do Par\u00e1 diante da crise imposta pelo \u201cNOVO CORONAV\u00cdRUS\u201d (COVID-19), especialmente quanto ao estado de calamidade p\u00fablica e d\u00e1 outras provid\u00eancias. Elabora\u00e7\u00e3o: Tribunal de Contas dos Munic\u00edpios do Estado do Par\u00e1 \u2013 TCM-PA.[\/vc_column_text][vc_btn title=&#8221;LEIA MAIS AQUI&#8221; color=&#8221;primary&#8221; i_align=&#8221;right&#8221; i_icon_fontawesome=&#8221;fas fa-chevron-right&#8221; add_icon=&#8221;true&#8221; link=&#8221;url:https%3A%2F%2Fwww.tcm.pa.gov.br%2Fsites%2Fdefault%2Ffiles%2Fin_02-2020_-_nota_tecnica_02-2020_-_versao_final_-_28-03-2020.pdf||target:%20_blank|&#8221;][\/vc_column_inner][\/vc_row_inner][\/vc_column][vc_column width=&#8221;1\/2&#8243;][vc_row_inner][vc_column_inner width=&#8221;1\/4&#8243;][vc_single_image image=&#8221;79&#8243; img_size=&#8221;full&#8221;][\/vc_column_inner][vc_column_inner width=&#8221;3\/4&#8243;][vc_column_text]<span style=\"font-size: 12pt\"><strong>4 &#8211; Nota Conjunta SEI n\u00ba 2\/2020\/CCONF\/SUCON\/COINT\/SURIN\/STN\/FAZENDA-ME.<\/strong> <\/span>Disp\u00f5e de esclarecimentos relacionados \u00e0 calamidade p\u00fablica decorrente da pandemia do Novo Coronav\u00edrus (COVID-19) e \u00e0 comprova\u00e7\u00e3o dos requisitos para obten\u00e7\u00e3o de transfer\u00eancias volunt\u00e1rias, em especial, aquelas que dizem respeito \u00e0s compet\u00eancias da Secretaria do Tesouro Nacional.[\/vc_column_text][vc_btn title=&#8221;LEIA MAIS AQUI&#8221; color=&#8221;primary&#8221; i_align=&#8221;right&#8221; i_icon_fontawesome=&#8221;fas fa-chevron-right&#8221; add_icon=&#8221;true&#8221; link=&#8221;url:https%3A%2F%2Fsiconfi.tesouro.gov.br%2Fsiconfi%2Fpages%2Fpublic%2Farquivo%2Fconteudo%2FNota_Conjunta_SEI_n_2_2020_CCONF_SUCON_COINT_SURIN_STN_FAZENDA_ME.pdf||target:%20_blank|&#8221;][\/vc_column_inner][\/vc_row_inner][\/vc_column][\/vc_row][vc_row][vc_column][vc_separator color=&#8221;custom&#8221; accent_color=&#8221;#1b5f9d&#8221;][\/vc_column][\/vc_row][vc_row][vc_column width=&#8221;1\/2&#8243;][vc_row_inner][vc_column_inner width=&#8221;1\/4&#8243;][vc_single_image image=&#8221;79&#8243; img_size=&#8221;full&#8221;][\/vc_column_inner][vc_column_inner width=&#8221;3\/4&#8243;][vc_column_text]<span style=\"font-size: 12pt\"><strong>5 &#8211; Perguntas e respostas<\/strong><\/span> relacionadas a atos de pessoal, aquisi\u00e7\u00f5es e contrata\u00e7\u00f5es p\u00fablicas, gest\u00e3o fiscal, prazos de remessa de dados e informa\u00e7\u00f5es via Sistema e-Sfinge, prazos internos dos \u00f3rg\u00e3os e merenda escolar.[\/vc_column_text][vc_btn title=&#8221;LEIA MAIS AQUI&#8221; color=&#8221;primary&#8221; i_align=&#8221;right&#8221; i_icon_fontawesome=&#8221;fas fa-chevron-right&#8221; add_icon=&#8221;true&#8221; link=&#8221;url:http%3A%2F%2Fwww.tce.sc.gov.br%2Fsites%2Fdefault%2Ffiles%2Fcoronavirus_perguntas_e_respostas.pdf||target:%20_blank|&#8221;][\/vc_column_inner][\/vc_row_inner][\/vc_column][vc_column width=&#8221;1\/2&#8243;][vc_row_inner][vc_column_inner width=&#8221;1\/4&#8243;][vc_single_image image=&#8221;79&#8243; img_size=&#8221;full&#8221;][\/vc_column_inner][vc_column_inner width=&#8221;3\/4&#8243;][vc_column_text]<span style=\"font-size: 12pt\"><strong>6 &#8211; Question\u00e1rio para auxiliar na identifica\u00e7\u00e3o dos elementos<\/strong> <\/span>que devem estar presentes nos procedimentos administrativos de dispensa de licita\u00e7\u00e3o destinados ao atendimento da situa\u00e7\u00e3o de emerg\u00eancia (checklist).[\/vc_column_text][vc_btn title=&#8221;LEIA MAIS AQUI&#8221; color=&#8221;primary&#8221; i_align=&#8221;right&#8221; i_icon_fontawesome=&#8221;fas fa-chevron-right&#8221; add_icon=&#8221;true&#8221; link=&#8221;url:http%3A%2F%2Fwww.tce.sc.gov.br%2Fsites%2Fdefault%2Ffiles%2FCheck-List%2520Dispensa%2520de%2520Licita%25C3%25A7%25C3%25A3o.pdf||target:%20_blank|&#8221;][\/vc_column_inner][\/vc_row_inner][\/vc_column][\/vc_row][vc_row][vc_column][vc_separator color=&#8221;custom&#8221; accent_color=&#8221;#1b5f9d&#8221;][\/vc_column][\/vc_row][vc_row][vc_column width=&#8221;1\/2&#8243;][vc_row_inner][vc_column_inner width=&#8221;1\/4&#8243;][vc_single_image image=&#8221;79&#8243; img_size=&#8221;full&#8221;][\/vc_column_inner][vc_column_inner width=&#8221;3\/4&#8243;][vc_column_text]<span style=\"font-size: 12pt\"><strong>7 &#8211; Curso online:<\/strong> <\/span>Medidas municipais para conten\u00e7\u00e3o do Covid-19. Instruir gestores p\u00fablicos acerca do regime jur\u00eddico diferenciado para enfrentamento da epidemia de COVID-19.[\/vc_column_text][vc_btn title=&#8221;LEIA MAIS AQUI&#8221; color=&#8221;primary&#8221; i_align=&#8221;right&#8221; i_icon_fontawesome=&#8221;fas fa-chevron-right&#8221; add_icon=&#8221;true&#8221; link=&#8221;url:https%3A%2F%2Fwww1.tce.pr.gov.br%2Fconteudo%2Fonline-medidas-municipais-para-a-contencao-do-covid-19-palestra-online%2F327847%2Farea%2F59||target:%20_blank|&#8221;][\/vc_column_inner][\/vc_row_inner][\/vc_column][vc_column width=&#8221;1\/2&#8243;][vc_row_inner][vc_column_inner width=&#8221;1\/4&#8243;][vc_single_image image=&#8221;79&#8243; img_size=&#8221;full&#8221;][\/vc_column_inner][vc_column_inner width=&#8221;3\/4&#8243;][vc_column_text]<span style=\"font-size: 12pt\"><strong>8 &#8211; Especial TCE-PE<\/strong><\/span> durante o per\u00edodo da pandemia do Coronav\u00edrus. Elabora\u00e7\u00e3o: Tribunal de Contas do Estado de Pernambuco \u2013 TCE-PE.[\/vc_column_text][vc_btn title=&#8221;LEIA MAIS AQUI&#8221; color=&#8221;primary&#8221; i_align=&#8221;right&#8221; i_icon_fontawesome=&#8221;fas fa-chevron-right&#8221; add_icon=&#8221;true&#8221; link=&#8221;url:https%3A%2F%2Fcoronavirus.tomeconta.com%2F||target:%20_blank|&#8221;][\/vc_column_inner][\/vc_row_inner][\/vc_column][\/vc_row][vc_row][vc_column][vc_separator color=&#8221;custom&#8221; accent_color=&#8221;#1b5f9d&#8221;][\/vc_column][\/vc_row][vc_row][vc_column width=&#8221;1\/2&#8243;][vc_row_inner][vc_column_inner width=&#8221;1\/4&#8243;][vc_single_image image=&#8221;79&#8243; img_size=&#8221;full&#8221;][\/vc_column_inner][vc_column_inner width=&#8221;3\/4&#8243;][vc_column_text]<span style=\"font-size: 12pt\"><strong>9 &#8211; O Painel de Informa\u00e7\u00f5es Coronav\u00edrus.<\/strong> <\/span>Elabora\u00e7\u00e3o: Tribunal de Contas do Estado de S\u00e3o Paulo \u2013 TCE-SP.[\/vc_column_text][vc_empty_space height=&#8221;15px&#8221;][vc_btn title=&#8221;LEIA MAIS AQUI&#8221; color=&#8221;primary&#8221; i_align=&#8221;right&#8221; i_icon_fontawesome=&#8221;fas fa-chevron-right&#8221; add_icon=&#8221;true&#8221; link=&#8221;url:https%3A%2F%2Fwww.tce.sp.gov.br%2Fcoronavirus||target:%20_blank|&#8221;][\/vc_column_inner][\/vc_row_inner][\/vc_column][vc_column width=&#8221;1\/2&#8243;][vc_row_inner][vc_column_inner width=&#8221;1\/4&#8243;][vc_single_image image=&#8221;79&#8243; img_size=&#8221;full&#8221;][\/vc_column_inner][vc_column_inner width=&#8221;3\/4&#8243;][vc_column_text]<span style=\"font-size: 12pt\"><strong>10 &#8211; Nota T\u00e9cnica SEI n\u00ba 12774\/2020\/ME:<\/strong><\/span> Contabiliza\u00e7\u00e3o de Recursos Destinados ao Enfrentamento da Emerg\u00eancia de Sa\u00fade P\u00fablica de Import\u00e2ncia Internacional Decorrente do Coronav\u00edrus (COVID-19). Elabora\u00e7\u00e3o: Secretaria do Tesouro Nacional \u2013 STN.[\/vc_column_text][vc_btn title=&#8221;LEIA MAIS AQUI&#8221; color=&#8221;primary&#8221; i_align=&#8221;right&#8221; i_icon_fontawesome=&#8221;fas fa-chevron-right&#8221; add_icon=&#8221;true&#8221; link=&#8221;url:http%3A%2F%2Fportalamm.org.br%2Fwp-content%2Fuploads%2FNota-T%25C3%25A9cnica-SEI-n%25C2%25BA-12.774.pdf||target:%20_blank|&#8221;][\/vc_column_inner][\/vc_row_inner][\/vc_column][\/vc_row][vc_row][vc_column][vc_separator color=&#8221;custom&#8221; accent_color=&#8221;#1b5f9d&#8221;][\/vc_column][\/vc_row][vc_row][vc_column width=&#8221;1\/2&#8243;][vc_row_inner][vc_column_inner width=&#8221;1\/4&#8243;][vc_single_image image=&#8221;79&#8243; img_size=&#8221;full&#8221;][\/vc_column_inner][vc_column_inner width=&#8221;3\/4&#8243;][vc_column_text]<span style=\"font-size: 12pt\"><strong>11 &#8211; TCU &#8211; Painel de Informa\u00e7\u00f5es &#8211; <\/strong>Coopera: Programa especial de atua\u00e7\u00e3o no enfrentamento \u00e0 crise da COVID-19<\/span>[\/vc_column_text][vc_empty_space height=&#8221;1px&#8221;][vc_btn title=&#8221;LEIA MAIS AQUI&#8221; color=&#8221;primary&#8221; i_align=&#8221;right&#8221; i_icon_fontawesome=&#8221;fas fa-chevron-right&#8221; add_icon=&#8221;true&#8221; link=&#8221;url:https%3A%2F%2Fportal.tcu.gov.br%2Fcoopera%2F||target:%20_blank|&#8221;][\/vc_column_inner][\/vc_row_inner][\/vc_column][vc_column width=&#8221;1\/2&#8243;][vc_row_inner][vc_column_inner width=&#8221;1\/4&#8243;][vc_single_image image=&#8221;79&#8243; img_size=&#8221;full&#8221;][\/vc_column_inner][vc_column_inner width=&#8221;3\/4&#8243;][vc_column_text]<span style=\"font-size: 12pt\"><strong>12 &#8211; TCU e Ong Transpar\u00eancia Internacional: <\/strong>Recomenda\u00e7\u00f5es para Transpar\u00eancia de Contrata\u00e7\u00f5es Emergenciais em Resposta \u00e0 Covid-19<\/span>[\/vc_column_text][vc_btn title=&#8221;LEIA MAIS AQUI&#8221; color=&#8221;primary&#8221; i_align=&#8221;right&#8221; i_icon_fontawesome=&#8221;fas fa-chevron-right&#8221; add_icon=&#8221;true&#8221; link=&#8221;url:https%3A%2F%2Fcomunidade.transparenciainternacional.org.br%2Fasset%2F86%3Atibr-recomendacoes-de-contratacoes-emergenciais-covid19%3Fstream%3D1||target:%20_blank|&#8221;][\/vc_column_inner][\/vc_row_inner][\/vc_column][\/vc_row][vc_row][vc_column][vc_separator color=&#8221;custom&#8221; accent_color=&#8221;#1b5f9d&#8221;][\/vc_column][\/vc_row][vc_row][vc_column width=&#8221;1\/2&#8243;][vc_row_inner][vc_column_inner width=&#8221;1\/4&#8243;][vc_single_image image=&#8221;79&#8243; img_size=&#8221;full&#8221;][\/vc_column_inner][vc_column_inner width=&#8221;3\/4&#8243;][vc_column_text]<span style=\"font-size: 12pt\"><strong>13 &#8211; Orienta\u00e7\u00f5es e modelos <\/strong>em log\u00edstica p\u00fablica no combate ao Covid-19<\/span>[\/vc_column_text][vc_empty_space height=&#8221;1px&#8221;][vc_btn title=&#8221;LEIA MAIS AQUI&#8221; color=&#8221;primary&#8221; i_align=&#8221;right&#8221; i_icon_fontawesome=&#8221;fas fa-chevron-right&#8221; add_icon=&#8221;true&#8221; link=&#8221;url:https%3A%2F%2Fwww.comprasgovernamentais.gov.br%2Findex.php%2Fgestorpublico%2F1271-orientacoes-e-modelos-nas-contratacoes-publicas-durante-a-pandemia-do-coronavirus||target:%20_blank|&#8221;][\/vc_column_inner][\/vc_row_inner][\/vc_column][vc_column width=&#8221;1\/2&#8243;][vc_row_inner][vc_column_inner width=&#8221;1\/4&#8243;][vc_single_image image=&#8221;79&#8243; img_size=&#8221;full&#8221;][\/vc_column_inner][vc_column_inner width=&#8221;3\/4&#8243;][vc_column_text]<span style=\"font-size: 12pt\"><strong>14 &#8211; TCE-MG: ORIENTA\u00c7\u00d5ES PARA O COMBATE \u00c0 COVID-19. <\/strong>Apoio do TCE-MG para a correta gest\u00e3o dos recursos p\u00fablicos\u00a0<\/span>[\/vc_column_text][vc_btn title=&#8221;LEIA MAIS AQUI&#8221; color=&#8221;primary&#8221; i_align=&#8221;right&#8221; i_icon_fontawesome=&#8221;fas fa-chevron-right&#8221; add_icon=&#8221;true&#8221; link=&#8221;url:https%3A%2F%2Fwww.tce.mg.gov.br%2Fcovid%2F||target:%20_blank|&#8221;][\/vc_column_inner][\/vc_row_inner][\/vc_column][\/vc_row][vc_row][vc_column][vc_separator color=&#8221;custom&#8221; accent_color=&#8221;#1b5f9d&#8221;][\/vc_column][\/vc_row][vc_row][vc_column width=&#8221;1\/2&#8243;][vc_row_inner][vc_column_inner width=&#8221;1\/4&#8243;][vc_single_image image=&#8221;79&#8243; img_size=&#8221;full&#8221;][\/vc_column_inner][vc_column_inner width=&#8221;3\/4&#8243;][vc_column_text]<span style=\"font-size: 12pt\"><strong>15 &#8211; Cartilha: <\/strong>Orienta\u00e7\u00f5es para a execu\u00e7\u00e3o do PNAE durante a situa\u00e7\u00e3o de emerg\u00eancia decorrente da pandemia do coronav\u00edrus (Covid-19)<\/span>[\/vc_column_text][vc_btn title=&#8221;LEIA MAIS AQUI&#8221; color=&#8221;primary&#8221; i_align=&#8221;right&#8221; i_icon_fontawesome=&#8221;fas fa-chevron-right&#8221; add_icon=&#8221;true&#8221; link=&#8221;url:https%3A%2F%2Fwww.fnde.gov.br%2Findex.php%2Fcentrais-de-conteudos%2Fpublicacoes%2Fcategory%2F116-alimentacao-escolar%3Fdownload%3D13811%3Aorienta%25C3%25A7%25C3%25B5es-para-a-execu%25C3%25A7%25C3%25A3o-do-pnae-pandemia-do-coronav%25C3%25ADrus-covid-19-durante-a-situa%25C3%25A7%25C3%25A3o-de-emerg%25C3%25AAncia-decorrente-da||target:%20_blank|&#8221;][\/vc_column_inner][\/vc_row_inner][\/vc_column][vc_column width=&#8221;1\/2&#8243;][vc_row_inner][vc_column_inner width=&#8221;1\/4&#8243;][vc_single_image image=&#8221;79&#8243; img_size=&#8221;full&#8221;][\/vc_column_inner][vc_column_inner width=&#8221;3\/4&#8243;][vc_column_text]<span style=\"font-size: 12pt\"><strong>16 &#8211; TCE-MS: <\/strong>Cartilha com orienta\u00e7\u00f5es sobre a contrata\u00e7\u00e3o emergencial pela pandemia<\/span><\/p>\n<p>[\/vc_column_text][vc_empty_space height=&#8221;1px&#8221;][vc_btn title=&#8221;LEIA MAIS AQUI&#8221; color=&#8221;primary&#8221; i_align=&#8221;right&#8221; i_icon_fontawesome=&#8221;fas fa-chevron-right&#8221; add_icon=&#8221;true&#8221; link=&#8221;url:http%3A%2F%2Fwww.tce.ms.gov.br%2Fportal-services%2Ffiles%2Farquivo%2Fnome%2F13857%2F84399b52b4c8eb861c112c3616052752.pdf||target:%20_blank|&#8221;][\/vc_column_inner][\/vc_row_inner][\/vc_column][\/vc_row][vc_row][vc_column][vc_separator color=&#8221;custom&#8221; accent_color=&#8221;#1b5f9d&#8221;][\/vc_column][\/vc_row][vc_row][vc_column width=&#8221;1\/2&#8243;][vc_row_inner][vc_column_inner width=&#8221;1\/4&#8243;][vc_single_image image=&#8221;79&#8243; img_size=&#8221;full&#8221;][\/vc_column_inner][vc_column_inner width=&#8221;3\/4&#8243;][vc_column_text]<span style=\"font-size: 12pt\"><strong>17 &#8211; Instituto Rui Barbosa &#8211; IRB: <\/strong>Hot Sites dos Tribunais de Contas: Combate ao Covid-19<\/span>[\/vc_column_text][vc_btn title=&#8221;LEIA MAIS AQUI&#8221; color=&#8221;primary&#8221; i_align=&#8221;right&#8221; i_icon_fontawesome=&#8221;fas fa-chevron-right&#8221; add_icon=&#8221;true&#8221; link=&#8221;url:https%3A%2F%2Firbcontas.org.br%2Fhot-sites-coronavirus%2F||target:%20_blank|&#8221;][\/vc_column_inner][\/vc_row_inner][\/vc_column][vc_column width=&#8221;1\/2&#8243;][vc_row_inner][vc_column_inner width=&#8221;1\/4&#8243;][\/vc_column_inner][vc_column_inner width=&#8221;3\/4&#8243;][\/vc_column_inner][\/vc_row_inner][\/vc_column][\/vc_row]<\/p>\n<\/div>","protected":false},"excerpt":{"rendered":"<p>[vc_row css=&#8221;.vc_custom_1585848798430{margin-bottom: 35px !important;}&#8221;][vc_column width=&#8221;1\/6&#8243;][\/vc_column][vc_column width=&#8221;2\/3&#8243;][vc_column_text] Aqui voc\u00ea encontra orienta\u00e7\u00f5es disponibilizadas por outros \u00f3rg\u00e3os relacionadas<span class=\"excerpt-hellip\"> [\u2026]<\/span><\/p>\n","protected":false},"author":146,"featured_media":0,"parent":0,"menu_order":0,"comment_status":"closed","ping_status":"closed","template":"","meta":{"_acf_changed":false,"footnotes":""},"class_list":["post-56","page","type-page","status-publish","hentry","wpautop"],"acf":[],"yoast_head":"<title>LINKS EXTERNOS - TCEES | Hotsite Coronav\u00edrus(COVID-19)<\/title>\n<meta name=\"robots\" content=\"index, follow, max-snippet:-1, max-image-preview:large, max-video-preview:-1\" \/>\n<link rel=\"canonical\" href=\"https:\/\/www.tcees.tc.br\/coronavirus\/links-externos\/\" \/>\n<meta property=\"og:locale\" content=\"pt_BR\" \/>\n<meta property=\"og:type\" content=\"article\" \/>\n<meta property=\"og:title\" content=\"LINKS EXTERNOS - TCEES | Hotsite Coronav\u00edrus(COVID-19)\" \/>\n<meta property=\"og:description\" content=\"[vc_row css=&#8221;.vc_custom_1585848798430{margin-bottom: 35px !important;}&#8221;][vc_column width=&#8221;1\/6&#8243;][\/vc_column][vc_column width=&#8221;2\/3&#8243;][vc_column_text] Aqui voc\u00ea encontra orienta\u00e7\u00f5es disponibilizadas por outros \u00f3rg\u00e3os relacionadas [\u2026]\" \/>\n<meta property=\"og:url\" content=\"https:\/\/www.tcees.tc.br\/coronavirus\/links-externos\/\" \/>\n<meta property=\"og:site_name\" content=\"TCEES | Hotsite Coronav\u00edrus(COVID-19)\" \/>\n<meta property=\"article:modified_time\" content=\"2021-04-07T21:52:55+00:00\" \/>\n<meta name=\"twitter:card\" content=\"summary_large_image\" \/>\n<meta name=\"twitter:label1\" content=\"Est. tempo de leitura\" \/>\n\t<meta name=\"twitter:data1\" content=\"10 minutos\" \/>\n<script type=\"application\/ld+json\" class=\"yoast-schema-graph\">{\"@context\":\"https:\/\/schema.org\",\"@graph\":[{\"@type\":\"WebPage\",\"@id\":\"https:\/\/www.tcees.tc.br\/coronavirus\/links-externos\/\",\"url\":\"https:\/\/www.tcees.tc.br\/coronavirus\/links-externos\/\",\"name\":\"LINKS EXTERNOS - TCEES | Hotsite Coronav\u00edrus(COVID-19)\",\"isPartOf\":{\"@id\":\"https:\/\/www.tcees.tc.br\/coronavirus\/#website\"},\"datePublished\":\"2020-04-02T22:26:54+00:00\",\"dateModified\":\"2021-04-07T21:52:55+00:00\",\"breadcrumb\":{\"@id\":\"https:\/\/www.tcees.tc.br\/coronavirus\/links-externos\/#breadcrumb\"},\"inLanguage\":\"pt-BR\",\"potentialAction\":[{\"@type\":\"ReadAction\",\"target\":[\"https:\/\/www.tcees.tc.br\/coronavirus\/links-externos\/\"]}]},{\"@type\":\"BreadcrumbList\",\"@id\":\"https:\/\/www.tcees.tc.br\/coronavirus\/links-externos\/#breadcrumb\",\"itemListElement\":[{\"@type\":\"ListItem\",\"position\":1,\"name\":\"In\u00edcio\",\"item\":\"https:\/\/www.tcees.tc.br\/coronavirus\/\"},{\"@type\":\"ListItem\",\"position\":2,\"name\":\"LINKS EXTERNOS\"}]},{\"@type\":\"WebSite\",\"@id\":\"https:\/\/www.tcees.tc.br\/coronavirus\/#website\",\"url\":\"https:\/\/www.tcees.tc.br\/coronavirus\/\",\"name\":\"TCEES | Hotsite Coronav\u00edrus(COVID-19)\",\"description\":\"\",\"potentialAction\":[{\"@type\":\"SearchAction\",\"target\":{\"@type\":\"EntryPoint\",\"urlTemplate\":\"https:\/\/www.tcees.tc.br\/coronavirus\/?s={search_term_string}\"},\"query-input\":{\"@type\":\"PropertyValueSpecification\",\"valueRequired\":true,\"valueName\":\"search_term_string\"}}],\"inLanguage\":\"pt-BR\"}]}<\/script>","yoast_head_json":{"title":"LINKS EXTERNOS - TCEES | Hotsite Coronav\u00edrus(COVID-19)","robots":{"index":"index","follow":"follow","max-snippet":"max-snippet:-1","max-image-preview":"max-image-preview:large","max-video-preview":"max-video-preview:-1"},"canonical":"https:\/\/www.tcees.tc.br\/coronavirus\/links-externos\/","og_locale":"pt_BR","og_type":"article","og_title":"LINKS EXTERNOS - TCEES | Hotsite Coronav\u00edrus(COVID-19)","og_description":"[vc_row css=&#8221;.vc_custom_1585848798430{margin-bottom: 35px !important;}&#8221;][vc_column width=&#8221;1\/6&#8243;][\/vc_column][vc_column width=&#8221;2\/3&#8243;][vc_column_text] Aqui voc\u00ea encontra orienta\u00e7\u00f5es disponibilizadas por outros \u00f3rg\u00e3os relacionadas [\u2026]","og_url":"https:\/\/www.tcees.tc.br\/coronavirus\/links-externos\/","og_site_name":"TCEES | Hotsite Coronav\u00edrus(COVID-19)","article_modified_time":"2021-04-07T21:52:55+00:00","twitter_card":"summary_large_image","twitter_misc":{"Est. tempo de leitura":"10 minutos"},"schema":{"@context":"https:\/\/schema.org","@graph":[{"@type":"WebPage","@id":"https:\/\/www.tcees.tc.br\/coronavirus\/links-externos\/","url":"https:\/\/www.tcees.tc.br\/coronavirus\/links-externos\/","name":"LINKS EXTERNOS - TCEES | Hotsite Coronav\u00edrus(COVID-19)","isPartOf":{"@id":"https:\/\/www.tcees.tc.br\/coronavirus\/#website"},"datePublished":"2020-04-02T22:26:54+00:00","dateModified":"2021-04-07T21:52:55+00:00","breadcrumb":{"@id":"https:\/\/www.tcees.tc.br\/coronavirus\/links-externos\/#breadcrumb"},"inLanguage":"pt-BR","potentialAction":[{"@type":"ReadAction","target":["https:\/\/www.tcees.tc.br\/coronavirus\/links-externos\/"]}]},{"@type":"BreadcrumbList","@id":"https:\/\/www.tcees.tc.br\/coronavirus\/links-externos\/#breadcrumb","itemListElement":[{"@type":"ListItem","position":1,"name":"In\u00edcio","item":"https:\/\/www.tcees.tc.br\/coronavirus\/"},{"@type":"ListItem","position":2,"name":"LINKS EXTERNOS"}]},{"@type":"WebSite","@id":"https:\/\/www.tcees.tc.br\/coronavirus\/#website","url":"https:\/\/www.tcees.tc.br\/coronavirus\/","name":"TCEES | Hotsite Coronav\u00edrus(COVID-19)","description":"","potentialAction":[{"@type":"SearchAction","target":{"@type":"EntryPoint","urlTemplate":"https:\/\/www.tcees.tc.br\/coronavirus\/?s={search_term_string}"},"query-input":{"@type":"PropertyValueSpecification","valueRequired":true,"valueName":"search_term_string"}}],"inLanguage":"pt-BR"}]}},"_links":{"self":[{"href":"https:\/\/www.tcees.tc.br\/coronavirus\/wp-json\/wp\/v2\/pages\/56","targetHints":{"allow":["GET"]}}],"collection":[{"href":"https:\/\/www.tcees.tc.br\/coronavirus\/wp-json\/wp\/v2\/pages"}],"about":[{"href":"https:\/\/www.tcees.tc.br\/coronavirus\/wp-json\/wp\/v2\/types\/page"}],"author":[{"embeddable":true,"href":"https:\/\/www.tcees.tc.br\/coronavirus\/wp-json\/wp\/v2\/users\/146"}],"replies":[{"embeddable":true,"href":"https:\/\/www.tcees.tc.br\/coronavirus\/wp-json\/wp\/v2\/comments?post=56"}],"version-history":[{"count":0,"href":"https:\/\/www.tcees.tc.br\/coronavirus\/wp-json\/wp\/v2\/pages\/56\/revisions"}],"wp:attachment":[{"href":"https:\/\/www.tcees.tc.br\/coronavirus\/wp-json\/wp\/v2\/media?parent=56"}],"curies":[{"name":"wp","href":"https:\/\/api.w.org\/{rel}","templated":true}]}}