{"id":626,"date":"2025-04-04T14:55:00","date_gmt":"2025-04-04T17:55:00","guid":{"rendered":"https:\/\/www.tcees.tc.br\/enfoc\/?page_id=626"},"modified":"2026-03-25T15:53:58","modified_gmt":"2026-03-25T18:53:58","slug":"trilha-prioritaria","status":"publish","type":"page","link":"https:\/\/www.tcees.tc.br\/enfoc\/trilha-prioritaria\/","title":{"rendered":"Cursos Trilha Priorit\u00e1ria"},"content":{"rendered":"<div class=\"wpb-content-wrapper\"><p>[vc_row][vc_column][vc_tta_accordion section_title_tag=&#8221;h5&#8243; spacing=&#8221;1&#8243; gap=&#8221;15&#8243; active_section=&#8221;1&#8243;][vc_tta_section title=&#8221;Controles Internos na Previd\u00eancia Municipal e Estadual: Avalia\u00e7\u00e3o Atuarial, Plano de Custeio, D\u00e9ficit Atuarial, Equacionamento e Sustentabilidade&#8221; tab_id=&#8221;1743789404482-68140df0-d9e5&#8243;][vc_column_text css=&#8221;&#8221;]<strong><span style=\"font-size: 14pt;\">Data: <\/span><\/strong><span style=\"font-size: 14pt;\">16 de Mar\u00e7o<\/span><br \/>\n<strong><span style=\"font-size: 14pt;\">Carga Hor\u00e1ria: <\/span><\/strong><span style=\"font-size: 14pt;\">8 horas aula<\/span><br \/>\n<strong><span style=\"font-size: 14pt;\">Hor\u00e1rio: <\/span><\/strong><span style=\"font-size: 14pt;\">08h30 \u00e0s 17h30<\/span>[\/vc_column_text][vc_column_text css=&#8221;&#8221;]<span style=\"font-size: 18.6667px;\"><b>Instrutor:\u00a0<\/b>M\u00e1ris Caroline Gosmann<\/span>[\/vc_column_text][vc_btn title=&#8221;Fa\u00e7a AGORA sua Inscri\u00e7\u00e3o&#8221; color=&#8221;warning&#8221; i_align=&#8221;right&#8221; i_icon_fontawesome=&#8221;fa fa-solid fa-angle-right&#8221; css=&#8221;&#8221; add_icon=&#8221;true&#8221; link=&#8221;url:https%3A%2F%2Fava.tcees.tc.br%2Fcourse%2Fview.php%3Fid%3D1840|target:_blank&#8221;][\/vc_tta_section][vc_tta_section title=&#8221;D\u00edvida P\u00fablica e Metas Fiscais na Lei de Diretrizes Or\u00e7ament\u00e1rias&#8221; tab_id=&#8221;1743790152359-daae0349-f0bc&#8221;][vc_column_text css=&#8221;&#8221;]<strong><span style=\"font-size: 14pt;\">Data: <\/span><\/strong><span style=\"font-size: 14pt;\">18 de Mar\u00e7o<\/span><br \/>\n<strong><span style=\"font-size: 14pt;\">Carga Hor\u00e1ria: <\/span><\/strong><span style=\"font-size: 14pt;\">4 horas aula<\/span><br \/>\n<strong><span style=\"font-size: 14pt;\">Hor\u00e1rio: <\/span><\/strong><span style=\"font-size: 14pt;\">08h30 \u00e0s 12h30<\/span>[\/vc_column_text][vc_column_text css=&#8221;&#8221;]<span style=\"font-size: 18.6667px;\"><b>Instrutor:\u00a0<\/b>Guilherme Luna da Silva Brumatti<\/span>[\/vc_column_text][vc_btn title=&#8221;Fa\u00e7a AGORA sua Inscri\u00e7\u00e3o&#8221; color=&#8221;warning&#8221; i_align=&#8221;right&#8221; i_icon_fontawesome=&#8221;fa fa-solid fa-angle-right&#8221; css=&#8221;&#8221; add_icon=&#8221;true&#8221; link=&#8221;url:https%3A%2F%2Fava.tcees.tc.br%2Fcourse%2Fview.php%3Fid%3D1842|target:_blank&#8221;][\/vc_tta_section][vc_tta_section title=&#8221;Procedimentos Cont\u00e1beis Or\u00e7ament\u00e1rios e Patrimoniais&#8221; tab_id=&#8221;1743790147408-73f76add-a645&#8243;][vc_column_text css=&#8221;&#8221;]<strong><span style=\"font-size: 14pt;\">Data: <\/span><\/strong><span style=\"font-size: 14pt;\">19 de Mar\u00e7o<\/span><br \/>\n<strong><span style=\"font-size: 14pt;\">Carga Hor\u00e1ria: <\/span><\/strong><span style=\"font-size: 14pt;\">8 horas aula<\/span><br \/>\n<strong><span style=\"font-size: 14pt;\">Hor\u00e1rio: <\/span><\/strong><span style=\"font-size: 14pt;\">08h30 \u00e0s 12h30<\/span>[\/vc_column_text][vc_column_text css=&#8221;&#8221;]<span style=\"font-size: 18.6667px;\"><b>Instrutor:\u00a0<\/b>Ana Paula Moreira do Ros\u00e1rio<\/span>[\/vc_column_text][vc_btn title=&#8221;Fa\u00e7a AGORA sua Inscri\u00e7\u00e3o&#8221; color=&#8221;warning&#8221; i_align=&#8221;right&#8221; i_icon_fontawesome=&#8221;fa fa-solid fa-angle-right&#8221; css=&#8221;&#8221; add_icon=&#8221;true&#8221; link=&#8221;url:https%3A%2F%2Fava.tcees.tc.br%2Fcourse%2Fview.php%3Fid%3D1855|target:_blank&#8221;][\/vc_tta_section][vc_tta_section title=&#8221;Cidades, M\u00f3dulo Atos de Pessoal \u2013 Concess\u00e3o&#8221; tab_id=&#8221;1743790149880-bbe4adb1-0974&#8243;][vc_column_text css=&#8221;&#8221;]<strong><span style=\"font-size: 14pt;\">Data: <\/span><\/strong><span style=\"font-size: 14pt;\">20 de Mar\u00e7o<\/span><br \/>\n<strong><span style=\"font-size: 14pt;\">Carga Hor\u00e1ria: <\/span><\/strong><span style=\"font-size: 14pt;\">4 horas aula<\/span><br \/>\n<strong><span style=\"font-size: 14pt;\">Hor\u00e1rio: <\/span><\/strong><span style=\"font-size: 14pt;\">08h30 \u00e0s 12h30<\/span>[\/vc_column_text][vc_column_text css=&#8221;&#8221;]<span style=\"font-size: 18.6667px;\"><b>Instrutores:\u00a0<\/b>Jos\u00e9 Antonio Vieira de Rezende e Luis Felipe de Moraes Uliana<\/span>[\/vc_column_text][vc_btn title=&#8221;Fa\u00e7a AGORA sua Inscri\u00e7\u00e3o&#8221; color=&#8221;warning&#8221; i_align=&#8221;right&#8221; i_icon_fontawesome=&#8221;fa fa-solid fa-angle-right&#8221; css=&#8221;&#8221; add_icon=&#8221;true&#8221; link=&#8221;url:https%3A%2F%2Fava.tcees.tc.br%2Fcourse%2Fview.php%3Fid%3D1844|target:_blank&#8221;][\/vc_tta_section][vc_tta_section title=&#8221;Cidades, M\u00f3dulo Atos de Pessoal \u2013 Admiss\u00e3o&#8221; tab_id=&#8221;1743790150521-f47618d0-0965&#8243;][vc_column_text css=&#8221;&#8221;]<strong><span style=\"font-size: 14pt;\">Data: <\/span><\/strong><span style=\"font-size: 14pt;\">20 de Mar\u00e7o<\/span><br \/>\n<strong><span style=\"font-size: 14pt;\">Carga Hor\u00e1ria: <\/span><\/strong><span style=\"font-size: 14pt;\">4 horas aula<\/span><br \/>\n<strong><span style=\"font-size: 14pt;\">Hor\u00e1rio: <\/span><\/strong><span style=\"font-size: 14pt;\">13h30 \u00e0s 17h30<\/span>[\/vc_column_text][vc_column_text css=&#8221;&#8221;]<span style=\"font-size: 18.6667px;\"><b>Instrutor:\u00a0<\/b>Alessandra Ramos Pimentel, F\u00e1bio Brambilla Rodrigues e Magali Oliveira Fran\u00e7a<\/span>[\/vc_column_text][vc_btn title=&#8221;Fa\u00e7a AGORA sua Inscri\u00e7\u00e3o&#8221; color=&#8221;warning&#8221; i_align=&#8221;right&#8221; i_icon_fontawesome=&#8221;fa fa-solid fa-angle-right&#8221; css=&#8221;&#8221; add_icon=&#8221;true&#8221; link=&#8221;url:https%3A%2F%2Fava.tcees.tc.br%2Fcourse%2Fview.php%3Fid%3D1845|target:_blank&#8221;][\/vc_tta_section][vc_tta_section title=&#8221;CidadES Contas \u2013 Pontos de Controle&#8221; tab_id=&#8221;1772729741201-99b2ea87-9a46&#8243;][vc_column_text css=&#8221;&#8221;]<strong><span style=\"font-size: 14pt;\">Data: <\/span><\/strong><span style=\"font-size: 14pt;\">23 de Mar\u00e7o<\/span><br \/>\n<strong><span style=\"font-size: 14pt;\">Carga Hor\u00e1ria: <\/span><\/strong><span style=\"font-size: 14pt;\">4 horas aula<\/span><br \/>\n<strong><span style=\"font-size: 14pt;\">Hor\u00e1rio: <\/span><\/strong><span style=\"font-size: 14pt;\">08h30 \u00e0s 12h30<\/span>[\/vc_column_text][vc_column_text css=&#8221;&#8221;]<span style=\"font-size: 18.6667px;\"><b>Instrutor:\u00a0<\/b>Ant\u00f4nio Jos\u00e9 Bolsoni<\/span>[\/vc_column_text][vc_btn title=&#8221;Fa\u00e7a AGORA sua Inscri\u00e7\u00e3o&#8221; color=&#8221;warning&#8221; i_align=&#8221;right&#8221; i_icon_fontawesome=&#8221;fa fa-solid fa-angle-right&#8221; css=&#8221;&#8221; add_icon=&#8221;true&#8221; link=&#8221;url:https%3A%2F%2Fava.tcees.tc.br%2Fcourse%2Fview.php%3Fid%3D1846|target:_blank&#8221;][\/vc_tta_section][vc_tta_section title=&#8221;CidadES Contrata\u00e7\u00e3o&#8221; tab_id=&#8221;1772730646051-c98e965d-bfaf&#8221;][vc_column_text css=&#8221;&#8221;]<strong><span style=\"font-size: 14pt;\">Data: <\/span><\/strong><span style=\"font-size: 14pt;\">23 de Mar\u00e7o<\/span><br \/>\n<strong><span style=\"font-size: 14pt;\">Carga Hor\u00e1ria: <\/span><\/strong><span style=\"font-size: 14pt;\">4 horas aula<\/span><br \/>\n<strong><span style=\"font-size: 14pt;\">Hor\u00e1rio: <\/span><\/strong><span style=\"font-size: 14pt;\">13h30 \u00e0s 17h30<\/span>[\/vc_column_text][vc_column_text css=&#8221;&#8221;]<span style=\"font-size: 18.6667px;\"><b>Instrutor:\u00a0<\/b>Bruno Fa\u00e9 Fardin<\/span>[\/vc_column_text][vc_btn title=&#8221;Fa\u00e7a AGORA sua Inscri\u00e7\u00e3o&#8221; color=&#8221;warning&#8221; i_align=&#8221;right&#8221; i_icon_fontawesome=&#8221;fa fa-solid fa-angle-right&#8221; css=&#8221;&#8221; add_icon=&#8221;true&#8221; link=&#8221;url:https%3A%2F%2Fava.tcees.tc.br%2Fcourse%2Fview.php%3Fid%3D1847|target:_blank&#8221;][\/vc_tta_section][vc_tta_section title=&#8221;Concess\u00f5es comuns e PPPs: conceitos e como os munic\u00edpios podem utiliz\u00e1-los para alavancar investimentos e melhorar a qualidade dos servi\u00e7os prestados&#8221; tab_id=&#8221;1743790148744-33575168-b593&#8243;][vc_column_text css=&#8221;&#8221;]<strong><span style=\"font-size: 14pt;\">Data: <\/span><\/strong><span style=\"font-size: 14pt;\">26 de Mar\u00e7o<\/span><br \/>\n<strong><span style=\"font-size: 14pt;\">Carga Hor\u00e1ria: <\/span><\/strong><span style=\"font-size: 14pt;\">4 horas aula<\/span><br \/>\n<strong><span style=\"font-size: 14pt;\">Hor\u00e1rio: <\/span><\/strong><span style=\"font-size: 14pt;\">08h30 \u00e0s 12h30<\/span>[\/vc_column_text][vc_column_text css=&#8221;&#8221;]<span style=\"font-size: 18.6667px;\"><b>Instrutores:\u00a0<\/b>Henrique Rodrigues Fassbender de Rezende<\/span>[\/vc_column_text][vc_btn title=&#8221;Fa\u00e7a AGORA sua Inscri\u00e7\u00e3o&#8221; color=&#8221;warning&#8221; i_align=&#8221;right&#8221; i_icon_fontawesome=&#8221;fa fa-solid fa-angle-right&#8221; css=&#8221;&#8221; add_icon=&#8221;true&#8221; link=&#8221;url:https%3A%2F%2Fava.tcees.tc.br%2Fcourse%2Fview.php%3Fid%3D1848|target:_blank&#8221;][\/vc_tta_section][vc_tta_section title=&#8221;Gest\u00e3o de Pessoas no Setor P\u00fablico Municipal: Conformidade, Sustentabilidade e Controle&#8221; tab_id=&#8221;1772730893614-c6e192a5-76ed&#8221;][vc_column_text css=&#8221;&#8221;]<strong><span style=\"font-size: 14pt;\">Data: <\/span><\/strong><span style=\"font-size: 14pt;\">26 de Mar\u00e7o<\/span><br \/>\n<strong><span style=\"font-size: 14pt;\">Carga Hor\u00e1ria: <\/span><\/strong><span style=\"font-size: 14pt;\">8 horas aula<\/span><br \/>\n<strong><span style=\"font-size: 14pt;\">Hor\u00e1rio: <\/span><\/strong><span style=\"font-size: 14pt;\">08h30 \u00e0s 17h30<\/span>[\/vc_column_text][vc_column_text css=&#8221;&#8221;]<span style=\"font-size: 18.6667px;\"><b>Instrutores:\u00a0<\/b>Diego Henrique Ferreira Torres<\/span>[\/vc_column_text][vc_btn title=&#8221;Fa\u00e7a AGORA sua Inscri\u00e7\u00e3o&#8221; color=&#8221;warning&#8221; i_align=&#8221;right&#8221; i_icon_fontawesome=&#8221;fa fa-solid fa-angle-right&#8221; css=&#8221;&#8221; add_icon=&#8221;true&#8221; link=&#8221;url:https%3A%2F%2Fava.tcees.tc.br%2Fcourse%2Fview.php%3Fid%3D1849|target:_blank&#8221;][\/vc_tta_section][vc_tta_section title=&#8221;Governan\u00e7a de Pessoal e a Sele\u00e7\u00e3o de Pessoas&#8221; tab_id=&#8221;1772731043084-18254e13-573e&#8221;][vc_column_text css=&#8221;&#8221;]<strong><span style=\"font-size: 14pt;\">Data: <\/span><\/strong><span style=\"font-size: 14pt;\">27 de Mar\u00e7o<\/span><br \/>\n<strong><span style=\"font-size: 14pt;\">Carga Hor\u00e1ria: <\/span><\/strong><span style=\"font-size: 14pt;\">8 horas aula<\/span><br \/>\n<strong><span style=\"font-size: 14pt;\">Hor\u00e1rio: <\/span><\/strong><span style=\"font-size: 14pt;\">08h30 \u00e0s 17h30<\/span>[\/vc_column_text][vc_column_text css=&#8221;&#8221;]<span style=\"font-size: 18.6667px;\"><b>Instrutores:\u00a0<\/b>Livia Cipriano Dal Piaz<\/span>[\/vc_column_text][vc_btn title=&#8221;Fa\u00e7a AGORA sua Inscri\u00e7\u00e3o&#8221; color=&#8221;warning&#8221; i_align=&#8221;right&#8221; i_icon_fontawesome=&#8221;fa fa-solid fa-angle-right&#8221; css=&#8221;&#8221; add_icon=&#8221;true&#8221; link=&#8221;url:https%3A%2F%2Fava.tcees.tc.br%2Fcourse%2Fview.php%3Fid%3D1850|target:_blank&#8221;][\/vc_tta_section][vc_tta_section title=&#8221;Reforma Tribut\u00e1ria: mudan\u00e7a constitucional. Primeiras a\u00e7\u00f5es esperadas dos munic\u00edpios&#8221; tab_id=&#8221;1772731140303-41942833-891f&#8221;][vc_column_text css=&#8221;&#8221;]<strong><span style=\"font-size: 14pt;\">Data: <\/span><\/strong><span style=\"font-size: 14pt;\">30 de Mar\u00e7o<\/span><br \/>\n<strong><span style=\"font-size: 14pt;\">Carga Hor\u00e1ria: <\/span><\/strong><span style=\"font-size: 14pt;\">8 horas aula<\/span><br \/>\n<strong><span style=\"font-size: 14pt;\">Hor\u00e1rio: <\/span><\/strong><span style=\"font-size: 14pt;\">08h30 \u00e0s 17h30<\/span>[\/vc_column_text][vc_column_text css=&#8221;&#8221;]<span style=\"font-size: 18.6667px;\"><b>Instrutores:\u00a0<\/b>Vinicius Bergamini Del Pupo<\/span>[\/vc_column_text][vc_btn title=&#8221;Fa\u00e7a AGORA sua Inscri\u00e7\u00e3o&#8221; color=&#8221;warning&#8221; i_align=&#8221;right&#8221; i_icon_fontawesome=&#8221;fa fa-solid fa-angle-right&#8221; css=&#8221;&#8221; add_icon=&#8221;true&#8221; link=&#8221;url:https%3A%2F%2Fava.tcees.tc.br%2Fcourse%2Fview.php%3Fid%3D1851|target:_blank&#8221;][\/vc_tta_section][vc_tta_section title=&#8221;Qualifica\u00e7\u00e3o T\u00e9cnica em Obras: Crit\u00e9rios Legais e Pr\u00e1ticos na Lei n\u00ba 14.133\/2021&#8243; tab_id=&#8221;1772731245305-b9039cfa-5402&#8243;][vc_column_text css=&#8221;&#8221;]<strong><span style=\"font-size: 14pt;\">Data: <\/span><\/strong><span style=\"font-size: 14pt;\">31 de Mar\u00e7o<\/span><br \/>\n<strong><span style=\"font-size: 14pt;\">Carga Hor\u00e1ria: <\/span><\/strong><span style=\"font-size: 14pt;\">8 horas aula<\/span><br \/>\n<strong><span style=\"font-size: 14pt;\">Hor\u00e1rio: <\/span><\/strong><span style=\"font-size: 14pt;\">08h30 \u00e0s 17h30<\/span>[\/vc_column_text][vc_column_text css=&#8221;&#8221;]<span style=\"font-size: 18.6667px;\"><b>Instrutores:\u00a0<\/b>Guilherme Bride Fernandes<\/span>[\/vc_column_text][vc_btn title=&#8221;Fa\u00e7a AGORA sua Inscri\u00e7\u00e3o&#8221; color=&#8221;warning&#8221; i_align=&#8221;right&#8221; i_icon_fontawesome=&#8221;fa fa-solid fa-angle-right&#8221; css=&#8221;&#8221; add_icon=&#8221;true&#8221; link=&#8221;url:https%3A%2F%2Fava.tcees.tc.br%2Fcourse%2Fview.php%3Fid%3D1852|target:_blank&#8221;][\/vc_tta_section][vc_tta_section title=&#8221;Do dado \u00e0 manchete: como gerar pautas positivas a partir de ferramentas do TCE-ES&#8221; tab_id=&#8221;1774372288989-10d4fc70-a965&#8243;][vc_column_text css=&#8221;&#8221;]<strong><span style=\"font-size: 14pt;\">Data: <\/span><\/strong><span style=\"font-size: 14pt;\">31 de Mar\u00e7o<\/span><br \/>\n<strong><span style=\"font-size: 14pt;\">Carga Hor\u00e1ria: <\/span><\/strong><span style=\"font-size: 14pt;\">4 horas aula<\/span><br \/>\n<strong><span style=\"font-size: 14pt;\">Hor\u00e1rio: <\/span><\/strong><span style=\"font-size: 14pt;\">08h30 \u00e0s 12h30<\/span>[\/vc_column_text][vc_column_text css=&#8221;&#8221;]<span style=\"font-size: 18.6667px;\"><b>Instrutores: <\/b>Mariana Natalli Montenegro Venturin<\/span>[\/vc_column_text][vc_btn title=&#8221;Fa\u00e7a AGORA sua Inscri\u00e7\u00e3o&#8221; color=&#8221;warning&#8221; i_align=&#8221;right&#8221; i_icon_fontawesome=&#8221;fa fa-solid fa-angle-right&#8221; css=&#8221;&#8221; add_icon=&#8221;true&#8221; link=&#8221;url:https%3A%2F%2Fava.tcees.tc.br%2Fcourse%2Fview.php%3Fid%3D1857|target:_blank&#8221;][\/vc_tta_section][vc_tta_section title=&#8221;Audiovisual na Comunica\u00e7\u00e3o P\u00fablica: Produ\u00e7\u00e3o, Estrat\u00e9gia e Engajamento&#8221; tab_id=&#8221;1774372554912-6d92cc34-3999&#8243;][vc_column_text css=&#8221;&#8221;]<strong><span style=\"font-size: 14pt;\">Data: <\/span><\/strong><span style=\"font-size: 14pt;\">31 de Mar\u00e7o<\/span><br \/>\n<strong><span style=\"font-size: 14pt;\">Carga Hor\u00e1ria: <\/span><\/strong><span style=\"font-size: 14pt;\">4 horas aula<\/span><br \/>\n<strong><span style=\"font-size: 14pt;\">Hor\u00e1rio: <\/span><\/strong><span style=\"font-size: 14pt;\">13h30 \u00e0s 17h30<\/span>[\/vc_column_text][vc_column_text css=&#8221;&#8221;]<span style=\"font-size: 18.6667px;\"><b>Instrutores: <\/b>S\u00e9rgio Vitor Simas Rangel<\/span>[\/vc_column_text][vc_btn title=&#8221;Fa\u00e7a AGORA sua Inscri\u00e7\u00e3o&#8221; color=&#8221;warning&#8221; i_align=&#8221;right&#8221; i_icon_fontawesome=&#8221;fa fa-solid fa-angle-right&#8221; css=&#8221;&#8221; add_icon=&#8221;true&#8221; link=&#8221;url:https%3A%2F%2Fava.tcees.tc.br%2Fcourse%2Fview.php%3Fid%3D1859|target:_blank&#8221;][\/vc_tta_section][vc_tta_section title=&#8221;Or\u00e7amento no Setor P\u00fablico: Elabora\u00e7\u00e3o do PPA, da LDO e da LOA dos Munic\u00edpios Capixabas&#8221; tab_id=&#8221;1774372695570-4ad46804-878c&#8221;][vc_column_text css=&#8221;&#8221;]<strong><span style=\"font-size: 14pt;\">Data: <\/span><\/strong><span style=\"font-size: 14pt;\">01 de Abril<\/span><br \/>\n<strong><span style=\"font-size: 14pt;\">Carga Hor\u00e1ria: <\/span><\/strong><span style=\"font-size: 14pt;\">8 horas aula<\/span><br \/>\n<strong><span style=\"font-size: 14pt;\">Hor\u00e1rio: <\/span><\/strong><span style=\"font-size: 14pt;\">08h30 \u00e0s 17h30<\/span>[\/vc_column_text][vc_column_text css=&#8221;&#8221;]<span style=\"font-size: 18.6667px;\"><b>Instrutores: <\/b>Alexsander Binda Alves<\/span>[\/vc_column_text][vc_btn title=&#8221;Fa\u00e7a AGORA sua Inscri\u00e7\u00e3o&#8221; color=&#8221;warning&#8221; i_align=&#8221;right&#8221; i_icon_fontawesome=&#8221;fa fa-solid fa-angle-right&#8221; css=&#8221;&#8221; add_icon=&#8221;true&#8221; link=&#8221;url:https%3A%2F%2Fava.tcees.tc.br%2Fcourse%2Fview.php%3Fid%3D1858|target:_blank&#8221;][\/vc_tta_section][vc_tta_section title=&#8221;Investimentos dos RPPS: Governan\u00e7a, Certifica\u00e7\u00e3o, Painel de Controle e Atualiza\u00e7\u00f5es Regulat\u00f3rias&#8221; tab_id=&#8221;1772731337468-6e85788f-4336&#8243;][vc_column_text css=&#8221;&#8221;]<strong><span style=\"font-size: 14pt;\">Data: <\/span><\/strong><span style=\"font-size: 14pt;\">07 de Abril<\/span><br \/>\n<strong><span style=\"font-size: 14pt;\">Carga Hor\u00e1ria: <\/span><\/strong><span style=\"font-size: 14pt;\">8 horas aula<\/span><br \/>\n<strong><span style=\"font-size: 14pt;\">Hor\u00e1rio: <\/span><\/strong><span style=\"font-size: 14pt;\">08h30 \u00e0s 17h30<\/span>[\/vc_column_text][vc_column_text css=&#8221;&#8221;]<span style=\"font-size: 18.6667px;\"><b>Instrutores:\u00a0<\/b>Diego Henrique Ferreira Torres e Igor Rafael de Oliveira<\/span>[\/vc_column_text][vc_btn title=&#8221;Fa\u00e7a AGORA sua Inscri\u00e7\u00e3o&#8221; color=&#8221;warning&#8221; i_align=&#8221;right&#8221; i_icon_fontawesome=&#8221;fa fa-solid fa-angle-right&#8221; css=&#8221;&#8221; add_icon=&#8221;true&#8221; link=&#8221;url:https%3A%2F%2Fava.tcees.tc.br%2Fcourse%2Fview.php%3Fid%3D1853|target:_blank&#8221;][\/vc_tta_section][\/vc_tta_accordion][\/vc_column][\/vc_row]<\/p>\n<\/div>","protected":false},"excerpt":{"rendered":"<p>[vc_row][vc_column][vc_tta_accordion section_title_tag=&#8221;h5&#8243; spacing=&#8221;1&#8243; gap=&#8221;15&#8243; active_section=&#8221;1&#8243;][vc_tta_section title=&#8221;Controles Internos na Previd\u00eancia Municipal e Estadual: Avalia\u00e7\u00e3o Atuarial, Plano de Custeio, D\u00e9ficit Atuarial, Equacionamento e Sustentabilidade&#8221; tab_id=&#8221;1743789404482-68140df0-d9e5&#8243;][vc_column_text css=&#8221;&#8221;]Data: 16 de Mar\u00e7o Carga Hor\u00e1ria: 8 horas aula Hor\u00e1rio: 08h30 \u00e0s 17h30[\/vc_column_text][vc_column_text css=&#8221;&#8221;]Instrutor:\u00a0M\u00e1ris Caroline Gosmann[\/vc_column_text][vc_btn title=&#8221;Fa\u00e7a AGORA sua Inscri\u00e7\u00e3o&#8221; color=&#8221;warning&#8221; i_align=&#8221;right&#8221; i_icon_fontawesome=&#8221;fa fa-solid fa-angle-right&#8221; css=&#8221;&#8221; add_icon=&#8221;true&#8221;<span class=\"excerpt-hellip\"> [\u2026]<\/span><\/p>\n","protected":false},"author":146,"featured_media":-1,"parent":0,"menu_order":0,"comment_status":"closed","ping_status":"closed","template":"","meta":{"_acf_changed":false,"footnotes":""},"class_list":["post-626","page","type-page","status-publish","has-post-thumbnail","hentry","wpautop"],"acf":[],"yoast_head":"<title>Cursos Trilha Priorit\u00e1ria - TCEES | Hotsite ENFOC<\/title>\n<meta name=\"robots\" content=\"index, follow, max-snippet:-1, max-image-preview:large, max-video-preview:-1\" \/>\n<link rel=\"canonical\" href=\"https:\/\/www.tcees.tc.br\/enfoc\/trilha-prioritaria\/\" \/>\n<meta property=\"og:locale\" content=\"pt_BR\" \/>\n<meta property=\"og:type\" content=\"article\" \/>\n<meta property=\"og:title\" content=\"Cursos Trilha Priorit\u00e1ria - TCEES | Hotsite ENFOC\" \/>\n<meta property=\"og:description\" content=\"[vc_row][vc_column][vc_tta_accordion section_title_tag=&#8221;h5&#8243; spacing=&#8221;1&#8243; gap=&#8221;15&#8243; active_section=&#8221;1&#8243;][vc_tta_section title=&#8221;Controles Internos na Previd\u00eancia Municipal e Estadual: Avalia\u00e7\u00e3o Atuarial, Plano de Custeio, D\u00e9ficit Atuarial, Equacionamento e Sustentabilidade&#8221; tab_id=&#8221;1743789404482-68140df0-d9e5&#8243;][vc_column_text css=&#8221;&#8221;]Data: 16 de Mar\u00e7o Carga Hor\u00e1ria: 8 horas aula Hor\u00e1rio: 08h30 \u00e0s 17h30[\/vc_column_text][vc_column_text css=&#8221;&#8221;]Instrutor:\u00a0M\u00e1ris Caroline Gosmann[\/vc_column_text][vc_btn title=&#8221;Fa\u00e7a AGORA sua Inscri\u00e7\u00e3o&#8221; color=&#8221;warning&#8221; i_align=&#8221;right&#8221; i_icon_fontawesome=&#8221;fa fa-solid fa-angle-right&#8221; css=&#8221;&#8221; add_icon=&#8221;true&#8221; [\u2026]\" \/>\n<meta property=\"og:url\" content=\"https:\/\/www.tcees.tc.br\/enfoc\/trilha-prioritaria\/\" \/>\n<meta property=\"og:site_name\" content=\"TCEES | Hotsite ENFOC\" \/>\n<meta property=\"article:modified_time\" content=\"2026-03-25T18:53:58+00:00\" \/>\n<meta name=\"twitter:card\" content=\"summary_large_image\" \/>\n<meta name=\"twitter:label1\" content=\"Est. tempo de leitura\" \/>\n\t<meta name=\"twitter:data1\" content=\"5 minutos\" \/>\n<script type=\"application\/ld+json\" class=\"yoast-schema-graph\">{\"@context\":\"https:\/\/schema.org\",\"@graph\":[{\"@type\":\"WebPage\",\"@id\":\"https:\/\/www.tcees.tc.br\/enfoc\/trilha-prioritaria\/\",\"url\":\"https:\/\/www.tcees.tc.br\/enfoc\/trilha-prioritaria\/\",\"name\":\"Cursos Trilha Priorit\u00e1ria - TCEES | Hotsite ENFOC\",\"isPartOf\":{\"@id\":\"https:\/\/www.tcees.tc.br\/enfoc\/#website\"},\"datePublished\":\"2025-04-04T17:55:00+00:00\",\"dateModified\":\"2026-03-25T18:53:58+00:00\",\"breadcrumb\":{\"@id\":\"https:\/\/www.tcees.tc.br\/enfoc\/trilha-prioritaria\/#breadcrumb\"},\"inLanguage\":\"pt-BR\",\"potentialAction\":[{\"@type\":\"ReadAction\",\"target\":[\"https:\/\/www.tcees.tc.br\/enfoc\/trilha-prioritaria\/\"]}]},{\"@type\":\"BreadcrumbList\",\"@id\":\"https:\/\/www.tcees.tc.br\/enfoc\/trilha-prioritaria\/#breadcrumb\",\"itemListElement\":[{\"@type\":\"ListItem\",\"position\":1,\"name\":\"In\u00edcio\",\"item\":\"https:\/\/www.tcees.tc.br\/enfoc\/\"},{\"@type\":\"ListItem\",\"position\":2,\"name\":\"Cursos Trilha Priorit\u00e1ria\"}]},{\"@type\":\"WebSite\",\"@id\":\"https:\/\/www.tcees.tc.br\/enfoc\/#website\",\"url\":\"https:\/\/www.tcees.tc.br\/enfoc\/\",\"name\":\"TCEES | Hotsite ENFOC\",\"description\":\"\",\"potentialAction\":[{\"@type\":\"SearchAction\",\"target\":{\"@type\":\"EntryPoint\",\"urlTemplate\":\"https:\/\/www.tcees.tc.br\/enfoc\/?s={search_term_string}\"},\"query-input\":{\"@type\":\"PropertyValueSpecification\",\"valueRequired\":true,\"valueName\":\"search_term_string\"}}],\"inLanguage\":\"pt-BR\"}]}<\/script>","yoast_head_json":{"title":"Cursos Trilha Priorit\u00e1ria - TCEES | Hotsite ENFOC","robots":{"index":"index","follow":"follow","max-snippet":"max-snippet:-1","max-image-preview":"max-image-preview:large","max-video-preview":"max-video-preview:-1"},"canonical":"https:\/\/www.tcees.tc.br\/enfoc\/trilha-prioritaria\/","og_locale":"pt_BR","og_type":"article","og_title":"Cursos Trilha Priorit\u00e1ria - TCEES | Hotsite ENFOC","og_description":"[vc_row][vc_column][vc_tta_accordion section_title_tag=&#8221;h5&#8243; spacing=&#8221;1&#8243; gap=&#8221;15&#8243; active_section=&#8221;1&#8243;][vc_tta_section title=&#8221;Controles Internos na Previd\u00eancia Municipal e Estadual: Avalia\u00e7\u00e3o Atuarial, Plano de Custeio, D\u00e9ficit Atuarial, Equacionamento e Sustentabilidade&#8221; tab_id=&#8221;1743789404482-68140df0-d9e5&#8243;][vc_column_text css=&#8221;&#8221;]Data: 16 de Mar\u00e7o Carga Hor\u00e1ria: 8 horas aula Hor\u00e1rio: 08h30 \u00e0s 17h30[\/vc_column_text][vc_column_text css=&#8221;&#8221;]Instrutor:\u00a0M\u00e1ris Caroline Gosmann[\/vc_column_text][vc_btn title=&#8221;Fa\u00e7a AGORA sua Inscri\u00e7\u00e3o&#8221; color=&#8221;warning&#8221; i_align=&#8221;right&#8221; i_icon_fontawesome=&#8221;fa fa-solid fa-angle-right&#8221; css=&#8221;&#8221; add_icon=&#8221;true&#8221; [\u2026]","og_url":"https:\/\/www.tcees.tc.br\/enfoc\/trilha-prioritaria\/","og_site_name":"TCEES | Hotsite ENFOC","article_modified_time":"2026-03-25T18:53:58+00:00","twitter_card":"summary_large_image","twitter_misc":{"Est. tempo de leitura":"5 minutos"},"schema":{"@context":"https:\/\/schema.org","@graph":[{"@type":"WebPage","@id":"https:\/\/www.tcees.tc.br\/enfoc\/trilha-prioritaria\/","url":"https:\/\/www.tcees.tc.br\/enfoc\/trilha-prioritaria\/","name":"Cursos Trilha Priorit\u00e1ria - TCEES | Hotsite ENFOC","isPartOf":{"@id":"https:\/\/www.tcees.tc.br\/enfoc\/#website"},"datePublished":"2025-04-04T17:55:00+00:00","dateModified":"2026-03-25T18:53:58+00:00","breadcrumb":{"@id":"https:\/\/www.tcees.tc.br\/enfoc\/trilha-prioritaria\/#breadcrumb"},"inLanguage":"pt-BR","potentialAction":[{"@type":"ReadAction","target":["https:\/\/www.tcees.tc.br\/enfoc\/trilha-prioritaria\/"]}]},{"@type":"BreadcrumbList","@id":"https:\/\/www.tcees.tc.br\/enfoc\/trilha-prioritaria\/#breadcrumb","itemListElement":[{"@type":"ListItem","position":1,"name":"In\u00edcio","item":"https:\/\/www.tcees.tc.br\/enfoc\/"},{"@type":"ListItem","position":2,"name":"Cursos Trilha Priorit\u00e1ria"}]},{"@type":"WebSite","@id":"https:\/\/www.tcees.tc.br\/enfoc\/#website","url":"https:\/\/www.tcees.tc.br\/enfoc\/","name":"TCEES | Hotsite ENFOC","description":"","potentialAction":[{"@type":"SearchAction","target":{"@type":"EntryPoint","urlTemplate":"https:\/\/www.tcees.tc.br\/enfoc\/?s={search_term_string}"},"query-input":{"@type":"PropertyValueSpecification","valueRequired":true,"valueName":"search_term_string"}}],"inLanguage":"pt-BR"}]}},"_links":{"self":[{"href":"https:\/\/www.tcees.tc.br\/enfoc\/wp-json\/wp\/v2\/pages\/626","targetHints":{"allow":["GET"]}}],"collection":[{"href":"https:\/\/www.tcees.tc.br\/enfoc\/wp-json\/wp\/v2\/pages"}],"about":[{"href":"https:\/\/www.tcees.tc.br\/enfoc\/wp-json\/wp\/v2\/types\/page"}],"author":[{"embeddable":true,"href":"https:\/\/www.tcees.tc.br\/enfoc\/wp-json\/wp\/v2\/users\/146"}],"replies":[{"embeddable":true,"href":"https:\/\/www.tcees.tc.br\/enfoc\/wp-json\/wp\/v2\/comments?post=626"}],"version-history":[{"count":11,"href":"https:\/\/www.tcees.tc.br\/enfoc\/wp-json\/wp\/v2\/pages\/626\/revisions"}],"predecessor-version":[{"id":930,"href":"https:\/\/www.tcees.tc.br\/enfoc\/wp-json\/wp\/v2\/pages\/626\/revisions\/930"}],"wp:featuredmedia":[{"embeddable":true,"href":"https:\/\/www.tcees.tc.br\/enfoc\/wp-json\/"}],"wp:attachment":[{"href":"https:\/\/www.tcees.tc.br\/enfoc\/wp-json\/wp\/v2\/media?parent=626"}],"curies":[{"name":"wp","href":"https:\/\/api.w.org\/{rel}","templated":true}]}}