{"id":2,"date":"2021-04-16T17:07:43","date_gmt":"2021-04-16T20:07:43","guid":{"rendered":"https:\/\/www.tcees.tc.br\/etica\/?page_id=2"},"modified":"2021-04-30T21:23:35","modified_gmt":"2021-05-01T00:23:35","slug":"home","status":"publish","type":"page","link":"https:\/\/www.tcees.tc.br\/etica\/","title":{"rendered":"HOME"},"content":{"rendered":"<div class=\"wpb-content-wrapper\"><p>[vc_row css=&#8221;.vc_custom_1619820769752{margin-top: 40px !important;}&#8221;][vc_column width=&#8221;1\/3&#8243;][vc_single_image image=&#8221;114&#8243; img_size=&#8221;full&#8221; css=&#8221;.vc_custom_1619818085439{margin-bottom: 0px !important;}&#8221;][vc_column_text css=&#8221;.vc_custom_1619817058919{margin-bottom: 15px !important;}&#8221;]A \u00e9tica profissional tem por objetivo indicar os princ\u00edpios e as normas de conduta que devem orientar as atividades profissionais, regulando as rela\u00e7\u00f5es entre servidores&#8230;[\/vc_column_text][vc_btn title=&#8221;LEIA MAIS AQUI&#8221; color=&#8221;primary&#8221; i_align=&#8221;right&#8221; i_icon_fontawesome=&#8221;fas fa-angle-right&#8221; add_icon=&#8221;true&#8221; link=&#8221;url:https%3A%2F%2Fwww.tcees.tc.br%2Fetica%2Fguia-basico%2F&#8221;][\/vc_column][vc_column width=&#8221;1\/3&#8243;][vc_single_image image=&#8221;146&#8243; img_size=&#8221;full&#8221; css=&#8221;.vc_custom_1619828614409{margin-bottom: 0px !important;}&#8221;][vc_column_text css=&#8221;.vc_custom_1619817066485{margin-bottom: 15px !important;}&#8221;]A Comiss\u00e3o de \u00c9tica Profissional dos Servidores \u00e9 composta por 6 servidores p\u00fablicos efetivos e est\u00e1veis do TCEES, sendo 3 titulares e 3 suplentes, com mandato&#8230;[\/vc_column_text][vc_btn title=&#8221;LEIA MAIS AQUI&#8221; color=&#8221;primary&#8221; i_align=&#8221;right&#8221; i_icon_fontawesome=&#8221;fas fa-angle-right&#8221; add_icon=&#8221;true&#8221; link=&#8221;url:https%3A%2F%2Fwww.tcees.tc.br%2Fetica%2Fcomissoes-de-etica%2F&#8221;][\/vc_column][vc_column width=&#8221;1\/3&#8243;][vc_single_image image=&#8221;116&#8243; img_size=&#8221;full&#8221; css=&#8221;.vc_custom_1619818135013{margin-bottom: 0px !important;}&#8221;][vc_column_text css=&#8221;.vc_custom_1619828122894{margin-bottom: 15px !important;}&#8221;]Os Pareceres \u00c9ticos s\u00e3o originados de consultas \u00e0 Comiss\u00e3o de \u00c9tica Profissional dos Servidores do Tribunal de Contas sobre mat\u00e9rias de natureza \u00e9tico-profissionais&#8230;[\/vc_column_text][vc_btn title=&#8221;LEIA MAIS AQUI&#8221; color=&#8221;primary&#8221; i_align=&#8221;right&#8221; i_icon_fontawesome=&#8221;fas fa-angle-right&#8221; add_icon=&#8221;true&#8221; link=&#8221;url:https%3A%2F%2Fwww.tcees.tc.br%2Fetica%2Fpareceres-eticos%2F&#8221;][\/vc_column][\/vc_row][vc_row full_width=&#8221;stretch_row&#8221; css=&#8221;.vc_custom_1619828462283{padding-top: 15px !important;background-color: #f4f4f4 !important;}&#8221;][vc_column][vc_column_text css=&#8221;.vc_custom_1619815888218{margin-bottom: 0px !important;}&#8221;]<\/p>\n<h2><span style=\"color: #1b5f9d\">O PAPEL DA CORREGEDORIA NA GEST\u00c3O DA \u00c9TICA NO TRIBUNAL<\/span><\/h2>\n<p>[\/vc_column_text][vc_separator color=&#8221;custom&#8221; accent_color=&#8221;#f4dc69&#8243;][vc_row_inner][vc_column_inner width=&#8221;1\/2&#8243;][vc_column_text]A Corregedoria do Tribunal de Contas do Estado do Esp\u00edrito Santo (TCEES) tem por compet\u00eancia aperfei\u00e7oar as a\u00e7\u00f5es de controle externo e desenvolver atividades disciplinares, visando a melhoria do desempenho do \u00f3rg\u00e3o e a preven\u00e7\u00e3o e apura\u00e7\u00e3o de condutas de servidores.<\/p>\n<p>Cabe \u00e0 Corregedoria avaliar a aplica\u00e7\u00e3o adequada das leis, a efici\u00eancia dos procedimentos de trabalho, o controle de prazos, a ado\u00e7\u00e3o das boas pr\u00e1ticas gerenciais e de governan\u00e7a, bem como orientar e fiscalizar as atividades funcionais de membros e servidores do TCEES.<\/p>\n<p>Al\u00e9m disso, incumbe \u00e0 Corregedoria a gest\u00e3o da \u00e9tica e das Comiss\u00f5es de \u00c9tica Profissional dos Servidores e dos Membros da Corte, bem como das Comiss\u00f5es Disciplinares.<\/p>\n<p>Nesse sentido, comprometido com a \u00e9tica profissional e em comemora\u00e7\u00e3o ao Dia Nacional da \u00c9tica, dia 02 de maio, a Corregedoria lan\u00e7a o presente hotsite contemplando um[\/vc_column_text][\/vc_column_inner][vc_column_inner width=&#8221;1\/2&#8243;][vc_column_text]<strong>GUIA B\u00c1SICO <\/strong>acerca de sua atua\u00e7\u00e3o em tal esfera, no prop\u00f3sito de divulgar e consolidar a conduta \u00e9tica em nosso ambiente profissional, trazendo as consultas realizadas, com os respectivos <strong>PARECERES \u00c9TICOS<\/strong> emitidos pela Comiss\u00e3o de \u00c9tica Profissional dos Servidores, bem como o modelo de composi\u00e7\u00e3o das comiss\u00f5es incumbidas de fiscalizar a conduta profissional dos servidores e Membros de nossa Corte de Contas.<\/p>\n<p>Ademais, trazemos todas as <strong>CAMPANHAS \u00c9TICAS <\/strong>realizadas no Tribunal, no intuito de difundirmos os valores e deveres esperados pelos nossos C\u00f3digos de \u00c9tica de Servidores e Membros, que podem ser acessados no link <strong>LEGISLA\u00c7\u00c3O<\/strong>.<\/p>\n<p>Por fim, trazemos um espa\u00e7o com os <strong>LINKS EXTERNOS<\/strong> que re\u00fanem documentos de cunho orientativo disponibilizado por outros \u00f3rg\u00e3os, sobretudo Tribunais de Contas, oportunizando, ainda, a possibilidade de elabora\u00e7\u00e3o de den\u00fancias e perguntas pelos servidores, membros e cidad\u00e3os no link <strong>CONTATOS.<\/strong>[\/vc_column_text][\/vc_column_inner][\/vc_row_inner][\/vc_column][\/vc_row][vc_row][vc_column][vc_column_text css=&#8221;.vc_custom_1619815838784{margin-bottom: 0px !important;}&#8221;]<\/p>\n<h2><span style=\"color: #1b5f9d\">LINKS EXTERNOS<\/span><\/h2>\n<p>[\/vc_column_text][vc_separator color=&#8221;custom&#8221; accent_color=&#8221;#f4dc69&#8243;][\/vc_column][\/vc_row][vc_row][vc_column width=&#8221;1\/2&#8243;][vc_single_image image=&#8221;65&#8243; img_size=&#8221;200&#215;200&#8243; alignment=&#8221;center&#8221; css=&#8221;.vc_custom_1619722414383{margin-bottom: 0px !important;}&#8221;][vc_column_text css=&#8221;.vc_custom_1619821639228{margin-bottom: 0px !important;}&#8221;]<\/p>\n<p style=\"text-align: center\"><span style=\"font-size: 18pt\"><strong>www.irbcontas.org.br<\/strong><\/span><\/p>\n<p>[\/vc_column_text][vc_column_text css=&#8221;.vc_custom_1619822040843{margin-top: 0px !important;margin-bottom: 15px !important;}&#8221;]<\/p>\n<p style=\"text-align: center\">CARTILHA DAS CORREGEDORIAS DOS TRIBUNAIS DE CONTAS<\/p>\n<p>[\/vc_column_text][vc_btn title=&#8221;ACESSAR LINK AGORA&#8221; color=&#8221;primary&#8221; align=&#8221;center&#8221; i_align=&#8221;right&#8221; i_icon_fontawesome=&#8221;fas fa-angle-right&#8221; add_icon=&#8221;true&#8221; link=&#8221;url:https%3A%2F%2Firbcontas.org.br%2Fwp-content%2Fuploads%2F2020%2F11%2Fcartilha_corregedoria_v3_1_1.pdf|target:_blank&#8221;][\/vc_column][vc_column width=&#8221;1\/2&#8243;][vc_single_image image=&#8221;65&#8243; img_size=&#8221;200&#215;200&#8243; alignment=&#8221;center&#8221; css=&#8221;.vc_custom_1619722414383{margin-bottom: 0px !important;}&#8221;][vc_column_text css=&#8221;.vc_custom_1619821528467{margin-bottom: 0px !important;}&#8221;]<\/p>\n<p style=\"text-align: center\"><span style=\"font-size: 18pt\"><strong>www.portal.tcu.gov.br<\/strong><\/span><\/p>\n<p>[\/vc_column_text][vc_column_text css=&#8221;.vc_custom_1619822048068{margin-top: 0px !important;margin-bottom: 15px !important;}&#8221;]<\/p>\n<p style=\"text-align: center\">C\u00d3DIGO DE \u00c9TICA DO SERVIDOR &#8211; TCU<\/p>\n<p>[\/vc_column_text][vc_btn title=&#8221;ACESSAR LINK AGORA&#8221; color=&#8221;primary&#8221; align=&#8221;center&#8221; i_align=&#8221;right&#8221; i_icon_fontawesome=&#8221;fas fa-angle-right&#8221; add_icon=&#8221;true&#8221; link=&#8221;url:https%3A%2F%2Fportal.tcu.gov.br%2Fdata%2Ffiles%2F0A%2FD0%2F17%2F0F%2FA14CF610F5680BF6F18818A8%2FCodigo_etica_servidor.pdf|target:_blank&#8221;][\/vc_column][\/vc_row][vc_row][vc_column][\/vc_column][\/vc_row]<\/p>\n<\/div>","protected":false},"excerpt":{"rendered":"<p>[vc_row css=&#8221;.vc_custom_1619820769752{margin-top: 40px !important;}&#8221;][vc_column width=&#8221;1\/3&#8243;][vc_single_image image=&#8221;114&#8243; img_size=&#8221;full&#8221; css=&#8221;.vc_custom_1619818085439{margin-bottom: 0px !important;}&#8221;][vc_column_text css=&#8221;.vc_custom_1619817058919{margin-bottom: 15px !important;}&#8221;]A \u00e9tica profissional<span class=\"excerpt-hellip\"> [\u2026]<\/span><\/p>\n","protected":false},"author":176,"featured_media":0,"parent":0,"menu_order":0,"comment_status":"closed","ping_status":"open","template":"","meta":{"_acf_changed":false,"footnotes":""},"class_list":["post-2","page","type-page","status-publish","hentry","wpautop"],"acf":[],"yoast_head":"<title>HOME - TCEES | Hotsite \u00c9tica<\/title>\n<meta name=\"robots\" content=\"index, follow, max-snippet:-1, max-image-preview:large, max-video-preview:-1\" \/>\n<link rel=\"canonical\" href=\"https:\/\/www.tcees.tc.br\/etica\/\" \/>\n<meta property=\"og:locale\" content=\"pt_BR\" \/>\n<meta property=\"og:type\" content=\"article\" \/>\n<meta property=\"og:title\" content=\"HOME - TCEES | Hotsite \u00c9tica\" \/>\n<meta property=\"og:description\" content=\"[vc_row css=&#8221;.vc_custom_1619820769752{margin-top: 40px !important;}&#8221;][vc_column width=&#8221;1\/3&#8243;][vc_single_image image=&#8221;114&#8243; img_size=&#8221;full&#8221; css=&#8221;.vc_custom_1619818085439{margin-bottom: 0px !important;}&#8221;][vc_column_text css=&#8221;.vc_custom_1619817058919{margin-bottom: 15px !important;}&#8221;]A \u00e9tica profissional [\u2026]\" \/>\n<meta property=\"og:url\" content=\"https:\/\/www.tcees.tc.br\/etica\/\" \/>\n<meta property=\"og:site_name\" content=\"TCEES | Hotsite \u00c9tica\" \/>\n<meta property=\"article:modified_time\" content=\"2021-05-01T00:23:35+00:00\" \/>\n<meta name=\"twitter:card\" content=\"summary_large_image\" \/>\n<meta name=\"twitter:label1\" content=\"Est. tempo de leitura\" \/>\n\t<meta name=\"twitter:data1\" content=\"3 minutos\" \/>\n<script type=\"application\/ld+json\" class=\"yoast-schema-graph\">{\"@context\":\"https:\/\/schema.org\",\"@graph\":[{\"@type\":\"WebPage\",\"@id\":\"https:\/\/www.tcees.tc.br\/etica\/\",\"url\":\"https:\/\/www.tcees.tc.br\/etica\/\",\"name\":\"HOME - TCEES | Hotsite \u00c9tica\",\"isPartOf\":{\"@id\":\"https:\/\/www.tcees.tc.br\/etica\/#website\"},\"datePublished\":\"2021-04-16T20:07:43+00:00\",\"dateModified\":\"2021-05-01T00:23:35+00:00\",\"breadcrumb\":{\"@id\":\"https:\/\/www.tcees.tc.br\/etica\/#breadcrumb\"},\"inLanguage\":\"pt-BR\",\"potentialAction\":[{\"@type\":\"ReadAction\",\"target\":[\"https:\/\/www.tcees.tc.br\/etica\/\"]}]},{\"@type\":\"BreadcrumbList\",\"@id\":\"https:\/\/www.tcees.tc.br\/etica\/#breadcrumb\",\"itemListElement\":[{\"@type\":\"ListItem\",\"position\":1,\"name\":\"In\u00edcio\",\"item\":\"https:\/\/www.tcees.tc.br\/etica\/\"},{\"@type\":\"ListItem\",\"position\":2,\"name\":\"HOME\"}]},{\"@type\":\"WebSite\",\"@id\":\"https:\/\/www.tcees.tc.br\/etica\/#website\",\"url\":\"https:\/\/www.tcees.tc.br\/etica\/\",\"name\":\"TCEES | Hotsite \u00c9tica\",\"description\":\"\",\"potentialAction\":[{\"@type\":\"SearchAction\",\"target\":{\"@type\":\"EntryPoint\",\"urlTemplate\":\"https:\/\/www.tcees.tc.br\/etica\/?s={search_term_string}\"},\"query-input\":{\"@type\":\"PropertyValueSpecification\",\"valueRequired\":true,\"valueName\":\"search_term_string\"}}],\"inLanguage\":\"pt-BR\"}]}<\/script>","yoast_head_json":{"title":"HOME - TCEES | Hotsite \u00c9tica","robots":{"index":"index","follow":"follow","max-snippet":"max-snippet:-1","max-image-preview":"max-image-preview:large","max-video-preview":"max-video-preview:-1"},"canonical":"https:\/\/www.tcees.tc.br\/etica\/","og_locale":"pt_BR","og_type":"article","og_title":"HOME - TCEES | Hotsite \u00c9tica","og_description":"[vc_row css=&#8221;.vc_custom_1619820769752{margin-top: 40px !important;}&#8221;][vc_column width=&#8221;1\/3&#8243;][vc_single_image image=&#8221;114&#8243; img_size=&#8221;full&#8221; css=&#8221;.vc_custom_1619818085439{margin-bottom: 0px !important;}&#8221;][vc_column_text css=&#8221;.vc_custom_1619817058919{margin-bottom: 15px !important;}&#8221;]A \u00e9tica profissional [\u2026]","og_url":"https:\/\/www.tcees.tc.br\/etica\/","og_site_name":"TCEES | Hotsite \u00c9tica","article_modified_time":"2021-05-01T00:23:35+00:00","twitter_card":"summary_large_image","twitter_misc":{"Est. tempo de leitura":"3 minutos"},"schema":{"@context":"https:\/\/schema.org","@graph":[{"@type":"WebPage","@id":"https:\/\/www.tcees.tc.br\/etica\/","url":"https:\/\/www.tcees.tc.br\/etica\/","name":"HOME - TCEES | Hotsite \u00c9tica","isPartOf":{"@id":"https:\/\/www.tcees.tc.br\/etica\/#website"},"datePublished":"2021-04-16T20:07:43+00:00","dateModified":"2021-05-01T00:23:35+00:00","breadcrumb":{"@id":"https:\/\/www.tcees.tc.br\/etica\/#breadcrumb"},"inLanguage":"pt-BR","potentialAction":[{"@type":"ReadAction","target":["https:\/\/www.tcees.tc.br\/etica\/"]}]},{"@type":"BreadcrumbList","@id":"https:\/\/www.tcees.tc.br\/etica\/#breadcrumb","itemListElement":[{"@type":"ListItem","position":1,"name":"In\u00edcio","item":"https:\/\/www.tcees.tc.br\/etica\/"},{"@type":"ListItem","position":2,"name":"HOME"}]},{"@type":"WebSite","@id":"https:\/\/www.tcees.tc.br\/etica\/#website","url":"https:\/\/www.tcees.tc.br\/etica\/","name":"TCEES | Hotsite \u00c9tica","description":"","potentialAction":[{"@type":"SearchAction","target":{"@type":"EntryPoint","urlTemplate":"https:\/\/www.tcees.tc.br\/etica\/?s={search_term_string}"},"query-input":{"@type":"PropertyValueSpecification","valueRequired":true,"valueName":"search_term_string"}}],"inLanguage":"pt-BR"}]}},"_links":{"self":[{"href":"https:\/\/www.tcees.tc.br\/etica\/wp-json\/wp\/v2\/pages\/2","targetHints":{"allow":["GET"]}}],"collection":[{"href":"https:\/\/www.tcees.tc.br\/etica\/wp-json\/wp\/v2\/pages"}],"about":[{"href":"https:\/\/www.tcees.tc.br\/etica\/wp-json\/wp\/v2\/types\/page"}],"author":[{"embeddable":true,"href":"https:\/\/www.tcees.tc.br\/etica\/wp-json\/wp\/v2\/users\/176"}],"replies":[{"embeddable":true,"href":"https:\/\/www.tcees.tc.br\/etica\/wp-json\/wp\/v2\/comments?post=2"}],"version-history":[{"count":0,"href":"https:\/\/www.tcees.tc.br\/etica\/wp-json\/wp\/v2\/pages\/2\/revisions"}],"wp:attachment":[{"href":"https:\/\/www.tcees.tc.br\/etica\/wp-json\/wp\/v2\/media?parent=2"}],"curies":[{"name":"wp","href":"https:\/\/api.w.org\/{rel}","templated":true}]}}