{"id":8177,"date":"2025-05-29T15:53:25","date_gmt":"2025-05-29T18:53:25","guid":{"rendered":"https:\/\/www.tcees.tc.br\/portal-da-transparencia\/?page_id=8177"},"modified":"2025-05-29T17:17:37","modified_gmt":"2025-05-29T20:17:37","slug":"ceis","status":"publish","type":"page","link":"https:\/\/www.tcees.tc.br\/portal-da-transparencia\/licitacoes-e-contratacoes\/ceis\/","title":{"rendered":"CEIS"},"content":{"rendered":"<div class=\"wpb-content-wrapper\"><p>[vc_row][vc_column width=&#8221;1\/4&#8243;][vc_raw_html css=&#8221;&#8221;]JTVCbWF4bWVnYW1lbnUlMjBsb2NhdGlvbiUzRHRyYW5zcGFyZW5jaWEtY29tcHJhcy1tZW51JTVE[\/vc_raw_html][\/vc_column][vc_column width=&#8221;3\/4&#8243; css=&#8221;.vc_custom_1748401641759{margin-bottom: 100px !important;}&#8221;][vc_raw_html css=&#8221;&#8221;]JTVCZGF0YV9hdHVhbGl6YWNhbyU1RCUwQSUzQ2RpdiUyMGNsYXNzJTNEJTIyYWxlcnQlMjBhbGVydC1pbmZvJTIyJTIwc3R5bGUlM0QlMjJtYXJnaW4tdG9wJTNBMTVweCUzQiUyMiUzRU8lMjBUQ0UtRVMlMjBuJUMzJUEzbyUyMHRldmUlMjBsaWNpdGFudGVzJTIwZSUyRm91JTIwY29udHJhdGFkb3MlMjBzYW5jaW9uYWRvcyUyMGFkbWluaXN0cmF0aXZhbWVudGUlMjAlMjhkZXZpZG8lMjBhJTIwc3VhJTIwYXRpdmlkYWRlJTIwZGUlMjBnZXN0JUMzJUEzbyUyMGluc3RpdHVjaW9uYWwlMjklMjBuYXMlMjBoaXAlQzMlQjN0ZXNlcyUyMGRvcyUyMGluY2lzb3MlMjBJSUklMjBlJTIwSVYlMjBkbyUyMGFydC4lMjAxNTYlMjBkYSUyMExlaSUyMG4lQzIlQkElMjAxNC4xMzMlMkYyMDIxJTIwZXN0ZSUyMGFubyUyQyUyMG5lbSUyMG5vcyUyMCVDMyVCQWx0aW1vcyUyMDAzJTIwYW5vcy4lM0MlMkZkaXYlM0U=[\/vc_raw_html][vc_column_text css=&#8221;&#8221;]<\/p>\n<h3 data-start=\"200\" data-end=\"253\">CEIS &#8211; Cadastro de Empresas Inid\u00f4neas e Suspensas<\/h3>\n<p data-start=\"255\" data-end=\"509\">O Cadastro de Empresas Inid\u00f4neas e Suspensas (CEIS) \u00e9 um importante instrumento de transpar\u00eancia que re\u00fane informa\u00e7\u00f5es sobre pessoas f\u00edsicas e jur\u00eddicas impedidas de contratar com a Administra\u00e7\u00e3o P\u00fablica em raz\u00e3o de san\u00e7\u00f5es aplicadas por irregularidades.<\/p>\n<p data-start=\"511\" data-end=\"854\">No \u00e2mbito do Tribunal de Contas do Estado do Esp\u00edrito Santo (TCEES), o CEIS contribui para o fortalecimento da integridade p\u00fablica, permitindo que a sociedade acompanhe quais empresas e indiv\u00edduos foram punidos por atos il\u00edcitos e est\u00e3o temporariamente ou definitivamente proibidos de participar de licita\u00e7\u00f5es ou contratos com o poder p\u00fablico.<\/p>\n<p data-start=\"856\" data-end=\"1447\">Para facilitar o acesso, disponibilizamos o link direto para o CEIS com filtro espec\u00edfico para as san\u00e7\u00f5es aplicadas pelo TCEES:<\/p>\n<p>[\/vc_column_text][vc_raw_html css=&#8221;&#8221;]JTNDZGl2JTIwc3R5bGUlM0QlMjJ0ZXh0LWFsaWduJTNBY2VudGVyJTNCJTIwbWFyZ2luLXRvcCUzQTQwcHglM0IlMjBtYXJnaW4tYm90dG9tJTNBMCUyMiUzRSUyMCUzQ2ElMjBocmVmJTNEJTIyaHR0cHMlM0ElMkYlMkZwb3J0YWxkYXRyYW5zcGFyZW5jaWEuZ292LmJyJTJGc2FuY29lcyUyRmNvbnN1bHRhJTNGcGFnaW5hY2FvU2ltcGxlcyUzRHRydWUlMjZ0YW1hbmhvUGFnaW5hJTNEJTI2b2Zmc2V0JTNEJTI2ZGlyZWNhb09yZGVuYWNhbyUzRGFzYyUyNmNhZGFzdHJvJTNEMSUyNm9yZ2FvRW50aWRhZGVTYW5jaW9uYWRvcmElM0R0cmlidW5hbCUyQmRlJTJCY29udGFzJTJCZG8lMkJlc3RhZG8lMkJkbyUyQmVzcCUyNUMzJTI1QURyaXRvJTJCc2FudG8lMjZjb2x1bmFzU2VsZWNpb25hZGFzJTNEbGlua0RldGFsaGFtZW50byUyNTJDY2FkYXN0cm8lMjUyQ2NwZkNucGolMjUyQ25vbWVTYW5jaW9uYWRvJTI1MkN1ZlNhbmNpb25hZG8lMjUyQ29yZ2FvJTI1MkNjYXRlZ29yaWFTYW5jYW8lMjUyQ2RhdGFQdWJsaWNhY2FvJTI1MkN2YWxvck11bHRhJTI1MkNxdWFudGlkYWRlJTI2b3JkZW5hclBvciUzRG5vbWVTYW5jaW9uYWRvJTI2ZGlyZWNhbyUzRGFzYyUyMiUyMHRhcmdldCUzRCUyMl9ibGFuayUyMiUyMHN0eWxlJTNEJTIyJTIwYmFja2dyb3VuZC1jb2xvciUzQSUyMzAwNWVhNSUzQiUyMGNvbG9yJTNBJTIzZmZmJTNCJTIwcGFkZGluZyUzQTE1cHglMjA0NXB4JTNCJTIwdGV4dC1kZWNvcmF0aW9uJTNBbm9uZSUzQiUyMGZvbnQtd2VpZ2h0JTNBYm9sZCUzQiUyMGJvcmRlci1yYWRpdXMlM0E1cHglM0IlMjBmb250LXNpemUlM0EyMHB4JTNCJTIwZGlzcGxheSUzQWlubGluZS1ibG9jayUzQiUyMCUyMiUzRUFjZXNzYXIlMjBzaXN0ZW1hJTIwQ0VJUyUyMCUzQ2klMjBjbGFzcyUzRCUyMmZhJTIwZmEtZXh0ZXJuYWwtbGluayUyMiUyMHN0eWxlJTNEJTIybWFyZ2luLWxlZnQlM0ExNXB4JTNCJTIyJTNFJTNDJTJGaSUzRSUzQyUyRmElM0UlMjAlM0MlMkZkaXYlM0UlMEE=[\/vc_raw_html][\/vc_column][\/vc_row]<\/p>\n<\/div>","protected":false},"excerpt":{"rendered":"<p>[vc_row][vc_column width=&#8221;1\/4&#8243;][vc_raw_html css=&#8221;&#8221;]JTVCbWF4bWVnYW1lbnUlMjBsb2NhdGlvbiUzRHRyYW5zcGFyZW5jaWEtY29tcHJhcy1tZW51JTVE[\/vc_raw_html][\/vc_column][vc_column width=&#8221;3\/4&#8243; css=&#8221;.vc_custom_1748401641759{margin-bottom: 100px !important;}&#8221;][vc_raw_html css=&#8221;&#8221;]JTVCZGF0YV9hdHVhbGl6YWNhbyU1RCUwQSUzQ2RpdiUyMGNsYXNzJTNEJTIyYWxlcnQlMjBhbGVydC1pbmZvJTIyJTIwc3R5bGUlM0QlMjJtYXJnaW4tdG9wJTNBMTVweCUzQiUyMiUzRU8lMjBUQ0UtRVMlMjBuJUMzJUEzbyUyMHRldmUlMjBsaWNpdGFudGVzJTIwZSUyRm91JTIwY29udHJhdGFkb3MlMjBzYW5jaW9uYWRvcyUyMGFkbWluaXN0cmF0aXZhbWVudGUlMjAlMjhkZXZpZG8lMjBhJTIwc3VhJTIwYXRpdmlkYWRlJTIwZGUlMjBnZXN0JUMzJUEzbyUyMGluc3RpdHVjaW9uYWwlMjklMjBuYXMlMjBoaXAlQzMlQjN0ZXNlcyUyMGRvcyUyMGluY2lzb3MlMjBJSUklMjBlJTIwSVYlMjBkbyUyMGFydC4lMjAxNTYlMjBkYSUyMExlaSUyMG4lQzIlQkElMjAxNC4xMzMlMkYyMDIxJTIwZXN0ZSUyMGFubyUyQyUyMG5lbSUyMG5vcyUyMCVDMyVCQWx0aW1vcyUyMDAzJTIwYW5vcy4lM0MlMkZkaXYlM0U=[\/vc_raw_html][vc_column_text css=&#8221;&#8221;] CEIS &#8211; Cadastro de Empresas Inid\u00f4neas e Suspensas O Cadastro de Empresas Inid\u00f4neas e Suspensas (CEIS) \u00e9 um importante instrumento de transpar\u00eancia que re\u00fane informa\u00e7\u00f5es sobre pessoas f\u00edsicas e jur\u00eddicas impedidas de contratar com a Administra\u00e7\u00e3o P\u00fablica em raz\u00e3o de san\u00e7\u00f5es<span class=\"excerpt-hellip\"> [\u2026]<\/span><\/p>\n","protected":false},"author":19,"featured_media":-1,"parent":168,"menu_order":0,"comment_status":"closed","ping_status":"closed","template":"","meta":{"_acf_changed":false,"footnotes":""},"class_list":["post-8177","page","type-page","status-publish","has-post-thumbnail","hentry","wpautop"],"acf":[],"yoast_head":"<title>CEIS - TCEES | Portal da Transpar\u00eancia<\/title>\n<meta name=\"robots\" content=\"index, follow, max-snippet:-1, max-image-preview:large, max-video-preview:-1\" \/>\n<link rel=\"canonical\" href=\"https:\/\/www.tcees.tc.br\/portal-da-transparencia\/licitacoes-e-contratacoes\/ceis\/\" \/>\n<meta property=\"og:locale\" content=\"pt_BR\" \/>\n<meta property=\"og:type\" content=\"article\" \/>\n<meta property=\"og:title\" content=\"CEIS - TCEES | Portal da Transpar\u00eancia\" \/>\n<meta property=\"og:description\" content=\"[vc_row][vc_column width=&#8221;1\/4&#8243;][vc_raw_html css=&#8221;&#8221;]JTVCbWF4bWVnYW1lbnUlMjBsb2NhdGlvbiUzRHRyYW5zcGFyZW5jaWEtY29tcHJhcy1tZW51JTVE[\/vc_raw_html][\/vc_column][vc_column width=&#8221;3\/4&#8243; css=&#8221;.vc_custom_1748401641759{margin-bottom: 100px !important;}&#8221;][vc_raw_html css=&#8221;&#8221;]JTVCZGF0YV9hdHVhbGl6YWNhbyU1RCUwQSUzQ2RpdiUyMGNsYXNzJTNEJTIyYWxlcnQlMjBhbGVydC1pbmZvJTIyJTIwc3R5bGUlM0QlMjJtYXJnaW4tdG9wJTNBMTVweCUzQiUyMiUzRU8lMjBUQ0UtRVMlMjBuJUMzJUEzbyUyMHRldmUlMjBsaWNpdGFudGVzJTIwZSUyRm91JTIwY29udHJhdGFkb3MlMjBzYW5jaW9uYWRvcyUyMGFkbWluaXN0cmF0aXZhbWVudGUlMjAlMjhkZXZpZG8lMjBhJTIwc3VhJTIwYXRpdmlkYWRlJTIwZGUlMjBnZXN0JUMzJUEzbyUyMGluc3RpdHVjaW9uYWwlMjklMjBuYXMlMjBoaXAlQzMlQjN0ZXNlcyUyMGRvcyUyMGluY2lzb3MlMjBJSUklMjBlJTIwSVYlMjBkbyUyMGFydC4lMjAxNTYlMjBkYSUyMExlaSUyMG4lQzIlQkElMjAxNC4xMzMlMkYyMDIxJTIwZXN0ZSUyMGFubyUyQyUyMG5lbSUyMG5vcyUyMCVDMyVCQWx0aW1vcyUyMDAzJTIwYW5vcy4lM0MlMkZkaXYlM0U=[\/vc_raw_html][vc_column_text css=&#8221;&#8221;] CEIS &#8211; Cadastro de Empresas Inid\u00f4neas e Suspensas O Cadastro de Empresas Inid\u00f4neas e Suspensas (CEIS) \u00e9 um importante instrumento de transpar\u00eancia que re\u00fane informa\u00e7\u00f5es sobre pessoas f\u00edsicas e jur\u00eddicas impedidas de contratar com a Administra\u00e7\u00e3o P\u00fablica em raz\u00e3o de san\u00e7\u00f5es [\u2026]\" \/>\n<meta property=\"og:url\" content=\"https:\/\/www.tcees.tc.br\/portal-da-transparencia\/licitacoes-e-contratacoes\/ceis\/\" \/>\n<meta property=\"og:site_name\" content=\"TCEES | Portal da Transpar\u00eancia\" \/>\n<meta property=\"article:modified_time\" content=\"2025-05-29T20:17:37+00:00\" \/>\n<meta name=\"twitter:card\" content=\"summary_large_image\" \/>\n<meta name=\"twitter:label1\" content=\"Est. tempo de leitura\" \/>\n\t<meta name=\"twitter:data1\" content=\"1 minuto\" \/>\n<script type=\"application\/ld+json\" class=\"yoast-schema-graph\">{\"@context\":\"https:\/\/schema.org\",\"@graph\":[{\"@type\":\"WebPage\",\"@id\":\"https:\/\/www.tcees.tc.br\/portal-da-transparencia\/licitacoes-e-contratacoes\/ceis\/\",\"url\":\"https:\/\/www.tcees.tc.br\/portal-da-transparencia\/licitacoes-e-contratacoes\/ceis\/\",\"name\":\"CEIS - TCEES | Portal da Transpar\u00eancia\",\"isPartOf\":{\"@id\":\"https:\/\/www.tcees.tc.br\/portal-da-transparencia\/#website\"},\"datePublished\":\"2025-05-29T18:53:25+00:00\",\"dateModified\":\"2025-05-29T20:17:37+00:00\",\"breadcrumb\":{\"@id\":\"https:\/\/www.tcees.tc.br\/portal-da-transparencia\/licitacoes-e-contratacoes\/ceis\/#breadcrumb\"},\"inLanguage\":\"pt-BR\",\"potentialAction\":[{\"@type\":\"ReadAction\",\"target\":[\"https:\/\/www.tcees.tc.br\/portal-da-transparencia\/licitacoes-e-contratacoes\/ceis\/\"]}]},{\"@type\":\"BreadcrumbList\",\"@id\":\"https:\/\/www.tcees.tc.br\/portal-da-transparencia\/licitacoes-e-contratacoes\/ceis\/#breadcrumb\",\"itemListElement\":[{\"@type\":\"ListItem\",\"position\":1,\"name\":\"In\u00edcio\",\"item\":\"https:\/\/www.tcees.tc.br\/portal-da-transparencia\/\"},{\"@type\":\"ListItem\",\"position\":2,\"name\":\"Licita\u00e7\u00f5es e Contrata\u00e7\u00f5es\",\"item\":\"https:\/\/www.tcees.tc.br\/portal-da-transparencia\/licitacoes-e-contratacoes\/\"},{\"@type\":\"ListItem\",\"position\":3,\"name\":\"CEIS\"}]},{\"@type\":\"WebSite\",\"@id\":\"https:\/\/www.tcees.tc.br\/portal-da-transparencia\/#website\",\"url\":\"https:\/\/www.tcees.tc.br\/portal-da-transparencia\/\",\"name\":\"TCEES | Portal da Transpar\u00eancia\",\"description\":\"\",\"potentialAction\":[{\"@type\":\"SearchAction\",\"target\":{\"@type\":\"EntryPoint\",\"urlTemplate\":\"https:\/\/www.tcees.tc.br\/portal-da-transparencia\/?s={search_term_string}\"},\"query-input\":{\"@type\":\"PropertyValueSpecification\",\"valueRequired\":true,\"valueName\":\"search_term_string\"}}],\"inLanguage\":\"pt-BR\"}]}<\/script>","yoast_head_json":{"title":"CEIS - TCEES | Portal da Transpar\u00eancia","robots":{"index":"index","follow":"follow","max-snippet":"max-snippet:-1","max-image-preview":"max-image-preview:large","max-video-preview":"max-video-preview:-1"},"canonical":"https:\/\/www.tcees.tc.br\/portal-da-transparencia\/licitacoes-e-contratacoes\/ceis\/","og_locale":"pt_BR","og_type":"article","og_title":"CEIS - TCEES | Portal da Transpar\u00eancia","og_description":"[vc_row][vc_column width=&#8221;1\/4&#8243;][vc_raw_html css=&#8221;&#8221;]JTVCbWF4bWVnYW1lbnUlMjBsb2NhdGlvbiUzRHRyYW5zcGFyZW5jaWEtY29tcHJhcy1tZW51JTVE[\/vc_raw_html][\/vc_column][vc_column width=&#8221;3\/4&#8243; css=&#8221;.vc_custom_1748401641759{margin-bottom: 100px !important;}&#8221;][vc_raw_html css=&#8221;&#8221;]JTVCZGF0YV9hdHVhbGl6YWNhbyU1RCUwQSUzQ2RpdiUyMGNsYXNzJTNEJTIyYWxlcnQlMjBhbGVydC1pbmZvJTIyJTIwc3R5bGUlM0QlMjJtYXJnaW4tdG9wJTNBMTVweCUzQiUyMiUzRU8lMjBUQ0UtRVMlMjBuJUMzJUEzbyUyMHRldmUlMjBsaWNpdGFudGVzJTIwZSUyRm91JTIwY29udHJhdGFkb3MlMjBzYW5jaW9uYWRvcyUyMGFkbWluaXN0cmF0aXZhbWVudGUlMjAlMjhkZXZpZG8lMjBhJTIwc3VhJTIwYXRpdmlkYWRlJTIwZGUlMjBnZXN0JUMzJUEzbyUyMGluc3RpdHVjaW9uYWwlMjklMjBuYXMlMjBoaXAlQzMlQjN0ZXNlcyUyMGRvcyUyMGluY2lzb3MlMjBJSUklMjBlJTIwSVYlMjBkbyUyMGFydC4lMjAxNTYlMjBkYSUyMExlaSUyMG4lQzIlQkElMjAxNC4xMzMlMkYyMDIxJTIwZXN0ZSUyMGFubyUyQyUyMG5lbSUyMG5vcyUyMCVDMyVCQWx0aW1vcyUyMDAzJTIwYW5vcy4lM0MlMkZkaXYlM0U=[\/vc_raw_html][vc_column_text css=&#8221;&#8221;] CEIS &#8211; Cadastro de Empresas Inid\u00f4neas e Suspensas O Cadastro de Empresas Inid\u00f4neas e Suspensas (CEIS) \u00e9 um importante instrumento de transpar\u00eancia que re\u00fane informa\u00e7\u00f5es sobre pessoas f\u00edsicas e jur\u00eddicas impedidas de contratar com a Administra\u00e7\u00e3o P\u00fablica em raz\u00e3o de san\u00e7\u00f5es [\u2026]","og_url":"https:\/\/www.tcees.tc.br\/portal-da-transparencia\/licitacoes-e-contratacoes\/ceis\/","og_site_name":"TCEES | Portal da Transpar\u00eancia","article_modified_time":"2025-05-29T20:17:37+00:00","twitter_card":"summary_large_image","twitter_misc":{"Est. tempo de leitura":"1 minuto"},"schema":{"@context":"https:\/\/schema.org","@graph":[{"@type":"WebPage","@id":"https:\/\/www.tcees.tc.br\/portal-da-transparencia\/licitacoes-e-contratacoes\/ceis\/","url":"https:\/\/www.tcees.tc.br\/portal-da-transparencia\/licitacoes-e-contratacoes\/ceis\/","name":"CEIS - TCEES | Portal da Transpar\u00eancia","isPartOf":{"@id":"https:\/\/www.tcees.tc.br\/portal-da-transparencia\/#website"},"datePublished":"2025-05-29T18:53:25+00:00","dateModified":"2025-05-29T20:17:37+00:00","breadcrumb":{"@id":"https:\/\/www.tcees.tc.br\/portal-da-transparencia\/licitacoes-e-contratacoes\/ceis\/#breadcrumb"},"inLanguage":"pt-BR","potentialAction":[{"@type":"ReadAction","target":["https:\/\/www.tcees.tc.br\/portal-da-transparencia\/licitacoes-e-contratacoes\/ceis\/"]}]},{"@type":"BreadcrumbList","@id":"https:\/\/www.tcees.tc.br\/portal-da-transparencia\/licitacoes-e-contratacoes\/ceis\/#breadcrumb","itemListElement":[{"@type":"ListItem","position":1,"name":"In\u00edcio","item":"https:\/\/www.tcees.tc.br\/portal-da-transparencia\/"},{"@type":"ListItem","position":2,"name":"Licita\u00e7\u00f5es e Contrata\u00e7\u00f5es","item":"https:\/\/www.tcees.tc.br\/portal-da-transparencia\/licitacoes-e-contratacoes\/"},{"@type":"ListItem","position":3,"name":"CEIS"}]},{"@type":"WebSite","@id":"https:\/\/www.tcees.tc.br\/portal-da-transparencia\/#website","url":"https:\/\/www.tcees.tc.br\/portal-da-transparencia\/","name":"TCEES | Portal da Transpar\u00eancia","description":"","potentialAction":[{"@type":"SearchAction","target":{"@type":"EntryPoint","urlTemplate":"https:\/\/www.tcees.tc.br\/portal-da-transparencia\/?s={search_term_string}"},"query-input":{"@type":"PropertyValueSpecification","valueRequired":true,"valueName":"search_term_string"}}],"inLanguage":"pt-BR"}]}},"_links":{"self":[{"href":"https:\/\/www.tcees.tc.br\/portal-da-transparencia\/wp-json\/wp\/v2\/pages\/8177","targetHints":{"allow":["GET"]}}],"collection":[{"href":"https:\/\/www.tcees.tc.br\/portal-da-transparencia\/wp-json\/wp\/v2\/pages"}],"about":[{"href":"https:\/\/www.tcees.tc.br\/portal-da-transparencia\/wp-json\/wp\/v2\/types\/page"}],"author":[{"embeddable":true,"href":"https:\/\/www.tcees.tc.br\/portal-da-transparencia\/wp-json\/wp\/v2\/users\/19"}],"replies":[{"embeddable":true,"href":"https:\/\/www.tcees.tc.br\/portal-da-transparencia\/wp-json\/wp\/v2\/comments?post=8177"}],"version-history":[{"count":0,"href":"https:\/\/www.tcees.tc.br\/portal-da-transparencia\/wp-json\/wp\/v2\/pages\/8177\/revisions"}],"up":[{"embeddable":true,"href":"https:\/\/www.tcees.tc.br\/portal-da-transparencia\/wp-json\/wp\/v2\/pages\/168"}],"wp:featuredmedia":[{"embeddable":true,"href":"https:\/\/www.tcees.tc.br\/portal-da-transparencia\/wp-json\/"}],"wp:attachment":[{"href":"https:\/\/www.tcees.tc.br\/portal-da-transparencia\/wp-json\/wp\/v2\/media?parent=8177"}],"curies":[{"name":"wp","href":"https:\/\/api.w.org\/{rel}","templated":true}]}}